{"id":7823,"date":"2024-08-26T07:02:15","date_gmt":"2024-08-26T05:02:15","guid":{"rendered":"https:\/\/serbenidorm.daliisolutions.com\/index.php\/dm-podcast\/jose-maria-llanos-vox-avanza-que-se-mantendran-fieles-a-sus-principios-sobre-inmigracion-empresa-privada-familia-y-senas-de-identidad-valencianas\/"},"modified":"2024-08-26T07:02:15","modified_gmt":"2024-08-26T05:02:15","slug":"jose-maria-llanos-vox-avanza-que-se-mantendran-fieles-a-sus-principios-sobre-inmigracion-empresa-privada-familia-y-senas-de-identidad-valencianas","status":"publish","type":"dm-podcast","link":"https:\/\/serbenidorm.daliisolutions.com\/index.php\/dm-podcast\/jose-maria-llanos-vox-avanza-que-se-mantendran-fieles-a-sus-principios-sobre-inmigracion-empresa-privada-familia-y-senas-de-identidad-valencianas\/","title":{"rendered":"Jos\u00e9 Mar\u00eda Llanos (Vox) avanza que se mantendr\u00e1n fieles a sus principios sobre inmigraci\u00f3n, empresa privada, familia y se\u00f1as de identidad valencianas"},"featured_media":0,"template":"","meta":{"_acf_changed":false},"dm-programa":[7],"class_list":["post-7823","dm-podcast","type-dm-podcast","status-publish","hentry","dm-programa-podcast-radio-valencia-hora-14-comunitat-valenciana-2298"],"acf":{"url":"https:\/\/sdmedia.playser.cadenaser.com\/mcv\/playser\/multimedia\/20240825\/4113588_115603_audio_128.mp3"},"_links":{"self":[{"href":"https:\/\/serbenidorm.daliisolutions.com\/index.php\/wp-json\/wp\/v2\/dm-podcast\/7823","targetHints":{"allow":["GET"]}}],"collection":[{"href":"https:\/\/serbenidorm.daliisolutions.com\/index.php\/wp-json\/wp\/v2\/dm-podcast"}],"about":[{"href":"https:\/\/serbenidorm.daliisolutions.com\/index.php\/wp-json\/wp\/v2\/types\/dm-podcast"}],"wp:attachment":[{"href":"https:\/\/serbenidorm.daliisolutions.com\/index.php\/wp-json\/wp\/v2\/media?parent=7823"}],"wp:term":[{"taxonomy":"dm-programa","embeddable":true,"href":"https:\/\/serbenidorm.daliisolutions.com\/index.php\/wp-json\/wp\/v2\/dm-programa?post=7823"}],"curies":[{"name":"wp","href":"https:\/\/api.w.org\/{rel}","templated":true}]}}

José María Llanos (Vox) avanza que se mantendrán fieles a sus principios sobre inmigración, empresa privada, familia y señas de identidad valencianas
