{"id":7832,"date":"2024-08-26T14:04:48","date_gmt":"2024-08-26T12:04:48","guid":{"rendered":"https:\/\/serbenidorm.daliisolutions.com\/index.php\/dm-podcast\/agueda-mico-compromis-y-mercedes-caballero-pspv-confian-en-que-el-tribunal-constitucional-acabe-derogando-la-ley-valenciana-de-concordia\/"},"modified":"2024-08-26T14:04:48","modified_gmt":"2024-08-26T12:04:48","slug":"agueda-mico-compromis-y-mercedes-caballero-pspv-confian-en-que-el-tribunal-constitucional-acabe-derogando-la-ley-valenciana-de-concordia","status":"publish","type":"dm-podcast","link":"https:\/\/serbenidorm.daliisolutions.com\/index.php\/dm-podcast\/agueda-mico-compromis-y-mercedes-caballero-pspv-confian-en-que-el-tribunal-constitucional-acabe-derogando-la-ley-valenciana-de-concordia\/","title":{"rendered":"\u00c0gueda Mic\u00f3 (Comprom\u00eds) y Mercedes Caballero (PSPV) conf\u00edan en que el Tribunal Constitucional acabe derogando la ley valenciana de concordia"},"featured_media":0,"template":"","meta":{"_acf_changed":false},"dm-programa":[7],"class_list":["post-7832","dm-podcast","type-dm-podcast","status-publish","hentry","dm-programa-podcast-radio-valencia-hora-14-comunitat-valenciana-2298"],"acf":{"url":"https:\/\/sdmedia.playser.cadenaser.com\/mcv\/playser\/multimedia\/20240826\/4114248_110556_audio_128.mp3"},"_links":{"self":[{"href":"https:\/\/serbenidorm.daliisolutions.com\/index.php\/wp-json\/wp\/v2\/dm-podcast\/7832","targetHints":{"allow":["GET"]}}],"collection":[{"href":"https:\/\/serbenidorm.daliisolutions.com\/index.php\/wp-json\/wp\/v2\/dm-podcast"}],"about":[{"href":"https:\/\/serbenidorm.daliisolutions.com\/index.php\/wp-json\/wp\/v2\/types\/dm-podcast"}],"wp:attachment":[{"href":"https:\/\/serbenidorm.daliisolutions.com\/index.php\/wp-json\/wp\/v2\/media?parent=7832"}],"wp:term":[{"taxonomy":"dm-programa","embeddable":true,"href":"https:\/\/serbenidorm.daliisolutions.com\/index.php\/wp-json\/wp\/v2\/dm-programa?post=7832"}],"curies":[{"name":"wp","href":"https:\/\/api.w.org\/{rel}","templated":true}]}}

Àgueda Micó (Compromís) y Mercedes Caballero (PSPV) confían en que el Tribunal Constitucional acabe derogando la ley valenciana de concordia
