{"id":7834,"date":"2024-08-26T14:16:24","date_gmt":"2024-08-26T12:16:24","guid":{"rendered":"https:\/\/serbenidorm.daliisolutions.com\/index.php\/dm-podcast\/jose-ramon-gonzalez-de-zarate-nos-habla-de-las-medidas-anti-incendios-que-benidorm-ha-puesto-en-marcha-en-el-moralet\/"},"modified":"2024-08-26T14:16:24","modified_gmt":"2024-08-26T12:16:24","slug":"jose-ramon-gonzalez-de-zarate-nos-habla-de-las-medidas-anti-incendios-que-benidorm-ha-puesto-en-marcha-en-el-moralet","status":"publish","type":"dm-podcast","link":"https:\/\/serbenidorm.daliisolutions.com\/index.php\/dm-podcast\/jose-ramon-gonzalez-de-zarate-nos-habla-de-las-medidas-anti-incendios-que-benidorm-ha-puesto-en-marcha-en-el-moralet\/","title":{"rendered":"Jos\u00e9 Ram\u00f3n Gonz\u00e1lez de Z\u00e1rate nos habla de las medidas anti incendios que Benidorm ha puesto en marcha en El Moralet"},"featured_media":0,"template":"","meta":{"_acf_changed":false},"dm-programa":[2],"class_list":["post-7834","dm-podcast","type-dm-podcast","status-publish","hentry","dm-programa-podcast-radio-benidorm-3154"],"acf":{"url":"https:\/\/sdmedia.playser.cadenaser.com\/mcv\/playser\/multimedia\/20240826\/4114196_101055_audio_128.mp3"},"_links":{"self":[{"href":"https:\/\/serbenidorm.daliisolutions.com\/index.php\/wp-json\/wp\/v2\/dm-podcast\/7834","targetHints":{"allow":["GET"]}}],"collection":[{"href":"https:\/\/serbenidorm.daliisolutions.com\/index.php\/wp-json\/wp\/v2\/dm-podcast"}],"about":[{"href":"https:\/\/serbenidorm.daliisolutions.com\/index.php\/wp-json\/wp\/v2\/types\/dm-podcast"}],"wp:attachment":[{"href":"https:\/\/serbenidorm.daliisolutions.com\/index.php\/wp-json\/wp\/v2\/media?parent=7834"}],"wp:term":[{"taxonomy":"dm-programa","embeddable":true,"href":"https:\/\/serbenidorm.daliisolutions.com\/index.php\/wp-json\/wp\/v2\/dm-programa?post=7834"}],"curies":[{"name":"wp","href":"https:\/\/api.w.org\/{rel}","templated":true}]}}

José Ramón González de Zárate nos habla de las medidas anti incendios que Benidorm ha puesto en marcha en El Moralet
