{"id":7835,"date":"2024-08-26T15:25:46","date_gmt":"2024-08-26T13:25:46","guid":{"rendered":"https:\/\/serbenidorm.daliisolutions.com\/index.php\/dm-podcast\/angel-gonzalez-coordinadora-memoria-historica-la-retirada-de-simbolos-franquistas-va-a-ser-imposible\/"},"modified":"2024-08-26T15:25:46","modified_gmt":"2024-08-26T13:25:46","slug":"angel-gonzalez-coordinadora-memoria-historica-la-retirada-de-simbolos-franquistas-va-a-ser-imposible","status":"publish","type":"dm-podcast","link":"https:\/\/serbenidorm.daliisolutions.com\/index.php\/dm-podcast\/angel-gonzalez-coordinadora-memoria-historica-la-retirada-de-simbolos-franquistas-va-a-ser-imposible\/","title":{"rendered":"\u00c1ngel Gonz\u00e1lez (Coordinadora Memoria Hist\u00f3rica): \u00abLa retirada de s\u00edmbolos franquistas va a ser imposible\u00bb"},"featured_media":0,"template":"","meta":{"_acf_changed":false},"dm-programa":[7],"class_list":["post-7835","dm-podcast","type-dm-podcast","status-publish","hentry","dm-programa-podcast-radio-valencia-hora-14-comunitat-valenciana-2298"],"acf":{"url":"https:\/\/sdmedia.playser.cadenaser.com\/mcv\/playser\/multimedia\/20240826\/4114250_110634_audio_128.mp3"},"_links":{"self":[{"href":"https:\/\/serbenidorm.daliisolutions.com\/index.php\/wp-json\/wp\/v2\/dm-podcast\/7835","targetHints":{"allow":["GET"]}}],"collection":[{"href":"https:\/\/serbenidorm.daliisolutions.com\/index.php\/wp-json\/wp\/v2\/dm-podcast"}],"about":[{"href":"https:\/\/serbenidorm.daliisolutions.com\/index.php\/wp-json\/wp\/v2\/types\/dm-podcast"}],"wp:attachment":[{"href":"https:\/\/serbenidorm.daliisolutions.com\/index.php\/wp-json\/wp\/v2\/media?parent=7835"}],"wp:term":[{"taxonomy":"dm-programa","embeddable":true,"href":"https:\/\/serbenidorm.daliisolutions.com\/index.php\/wp-json\/wp\/v2\/dm-programa?post=7835"}],"curies":[{"name":"wp","href":"https:\/\/api.w.org\/{rel}","templated":true}]}}

Ángel González (Coordinadora Memoria Histórica): «La retirada de símbolos franquistas va a ser imposible»
