{"id":7886,"date":"2024-08-28T18:53:59","date_gmt":"2024-08-28T16:53:59","guid":{"rendered":"https:\/\/serbenidorm.daliisolutions.com\/index.php\/dm-podcast\/joan-baldovi-sindic-de-compromis-hicimos-un-pacto-pero-antes-que-nada-tenemos-claro-que-nuestro-objetivo-es-defender-los-intereses-de-los-valencianos\/"},"modified":"2024-08-28T18:53:59","modified_gmt":"2024-08-28T16:53:59","slug":"joan-baldovi-sindic-de-compromis-hicimos-un-pacto-pero-antes-que-nada-tenemos-claro-que-nuestro-objetivo-es-defender-los-intereses-de-los-valencianos","status":"publish","type":"dm-podcast","link":"https:\/\/serbenidorm.daliisolutions.com\/index.php\/dm-podcast\/joan-baldovi-sindic-de-compromis-hicimos-un-pacto-pero-antes-que-nada-tenemos-claro-que-nuestro-objetivo-es-defender-los-intereses-de-los-valencianos\/","title":{"rendered":"Joan Baldov\u00ed (s\u00edndic de Comprom\u00eds): \u00abHicimos un pacto, pero antes que nada tenemos claro que nuestro objetivo es defender los intereses de los valencianos\u00bb"},"featured_media":0,"template":"","meta":{"_acf_changed":false},"dm-programa":[7],"class_list":["post-7886","dm-podcast","type-dm-podcast","status-publish","hentry","dm-programa-podcast-radio-valencia-hora-14-comunitat-valenciana-2298"],"acf":{"url":"https:\/\/sdmedia.playser.cadenaser.com\/mcv\/playser\/multimedia\/20240828\/4117442_161510_audio_128.mp3"},"_links":{"self":[{"href":"https:\/\/serbenidorm.daliisolutions.com\/index.php\/wp-json\/wp\/v2\/dm-podcast\/7886","targetHints":{"allow":["GET"]}}],"collection":[{"href":"https:\/\/serbenidorm.daliisolutions.com\/index.php\/wp-json\/wp\/v2\/dm-podcast"}],"about":[{"href":"https:\/\/serbenidorm.daliisolutions.com\/index.php\/wp-json\/wp\/v2\/types\/dm-podcast"}],"wp:attachment":[{"href":"https:\/\/serbenidorm.daliisolutions.com\/index.php\/wp-json\/wp\/v2\/media?parent=7886"}],"wp:term":[{"taxonomy":"dm-programa","embeddable":true,"href":"https:\/\/serbenidorm.daliisolutions.com\/index.php\/wp-json\/wp\/v2\/dm-programa?post=7886"}],"curies":[{"name":"wp","href":"https:\/\/api.w.org\/{rel}","templated":true}]}}

Joan Baldoví (síndic de Compromís): «Hicimos un pacto, pero antes que nada tenemos claro que nuestro objetivo es defender los intereses de los valencianos»
