{"id":7887,"date":"2024-08-28T18:53:59","date_gmt":"2024-08-28T16:53:59","guid":{"rendered":"https:\/\/serbenidorm.daliisolutions.com\/index.php\/dm-podcast\/joan-baldovi-sindic-de-compromis-se-debe-abordar-de-una-vez-por-todas-el-fondo-de-nivelacion-y-lo-reclamaremos-en-los-presupuestos\/"},"modified":"2024-08-28T18:53:59","modified_gmt":"2024-08-28T16:53:59","slug":"joan-baldovi-sindic-de-compromis-se-debe-abordar-de-una-vez-por-todas-el-fondo-de-nivelacion-y-lo-reclamaremos-en-los-presupuestos","status":"publish","type":"dm-podcast","link":"https:\/\/serbenidorm.daliisolutions.com\/index.php\/dm-podcast\/joan-baldovi-sindic-de-compromis-se-debe-abordar-de-una-vez-por-todas-el-fondo-de-nivelacion-y-lo-reclamaremos-en-los-presupuestos\/","title":{"rendered":"Joan Baldov\u00ed (s\u00edndic de Comprom\u00eds): \u00abSe debe abordar de una vez por todas el fondo de nivelaci\u00f3n y lo reclamaremos en los presupuestos\u00bb"},"featured_media":0,"template":"","meta":{"_acf_changed":false},"dm-programa":[7],"class_list":["post-7887","dm-podcast","type-dm-podcast","status-publish","hentry","dm-programa-podcast-radio-valencia-hora-14-comunitat-valenciana-2298"],"acf":{"url":"https:\/\/sdmedia.playser.cadenaser.com\/mcv\/playser\/multimedia\/20240828\/4117443_161512_audio_128.mp3"},"_links":{"self":[{"href":"https:\/\/serbenidorm.daliisolutions.com\/index.php\/wp-json\/wp\/v2\/dm-podcast\/7887","targetHints":{"allow":["GET"]}}],"collection":[{"href":"https:\/\/serbenidorm.daliisolutions.com\/index.php\/wp-json\/wp\/v2\/dm-podcast"}],"about":[{"href":"https:\/\/serbenidorm.daliisolutions.com\/index.php\/wp-json\/wp\/v2\/types\/dm-podcast"}],"wp:attachment":[{"href":"https:\/\/serbenidorm.daliisolutions.com\/index.php\/wp-json\/wp\/v2\/media?parent=7887"}],"wp:term":[{"taxonomy":"dm-programa","embeddable":true,"href":"https:\/\/serbenidorm.daliisolutions.com\/index.php\/wp-json\/wp\/v2\/dm-programa?post=7887"}],"curies":[{"name":"wp","href":"https:\/\/api.w.org\/{rel}","templated":true}]}}

Joan Baldoví (síndic de Compromís): «Se debe abordar de una vez por todas el fondo de nivelación y lo reclamaremos en los presupuestos»
