{"id":7896,"date":"2024-08-29T13:53:03","date_gmt":"2024-08-29T11:53:03","guid":{"rendered":"https:\/\/serbenidorm.daliisolutions.com\/index.php\/dm-podcast\/vicente-martinez-mus-conseller-de-medio-ambiente-explica-que-la-generalitat-subvencionara-el-voluntariado-para-cuidar-animales-de-compania-de-mayores-y-hospitalizados\/"},"modified":"2024-08-29T13:53:03","modified_gmt":"2024-08-29T11:53:03","slug":"vicente-martinez-mus-conseller-de-medio-ambiente-explica-que-la-generalitat-subvencionara-el-voluntariado-para-cuidar-animales-de-compania-de-mayores-y-hospitalizados","status":"publish","type":"dm-podcast","link":"https:\/\/serbenidorm.daliisolutions.com\/index.php\/dm-podcast\/vicente-martinez-mus-conseller-de-medio-ambiente-explica-que-la-generalitat-subvencionara-el-voluntariado-para-cuidar-animales-de-compania-de-mayores-y-hospitalizados\/","title":{"rendered":"Vicente Mart\u00ednez Mus (conseller de Medio Ambiente) explica que la Generalitat subvencionar\u00e1 el voluntariado para cuidar animales de compa\u00f1\u00eda de mayores y hospitalizados"},"featured_media":0,"template":"","meta":{"_acf_changed":false},"dm-programa":[7],"class_list":["post-7896","dm-podcast","type-dm-podcast","status-publish","hentry","dm-programa-podcast-radio-valencia-hora-14-comunitat-valenciana-2298"],"acf":{"url":"https:\/\/sdmedia.playser.cadenaser.com\/mcv\/playser\/multimedia\/20240828\/4117500_173313_audio_128.mp3"},"_links":{"self":[{"href":"https:\/\/serbenidorm.daliisolutions.com\/index.php\/wp-json\/wp\/v2\/dm-podcast\/7896","targetHints":{"allow":["GET"]}}],"collection":[{"href":"https:\/\/serbenidorm.daliisolutions.com\/index.php\/wp-json\/wp\/v2\/dm-podcast"}],"about":[{"href":"https:\/\/serbenidorm.daliisolutions.com\/index.php\/wp-json\/wp\/v2\/types\/dm-podcast"}],"wp:attachment":[{"href":"https:\/\/serbenidorm.daliisolutions.com\/index.php\/wp-json\/wp\/v2\/media?parent=7896"}],"wp:term":[{"taxonomy":"dm-programa","embeddable":true,"href":"https:\/\/serbenidorm.daliisolutions.com\/index.php\/wp-json\/wp\/v2\/dm-programa?post=7896"}],"curies":[{"name":"wp","href":"https:\/\/api.w.org\/{rel}","templated":true}]}}

Vicente Martínez Mus (conseller de Medio Ambiente) explica que la Generalitat subvencionará el voluntariado para cuidar animales de compañía de mayores y hospitalizados
