{"id":7918,"date":"2024-08-30T14:20:48","date_gmt":"2024-08-30T12:20:48","guid":{"rendered":"https:\/\/serbenidorm.daliisolutions.com\/index.php\/dm-podcast\/eva-tudela-amb-el-problema-que-tenim-amb-la-ramaderia-que-no-tenen-alimentacio-per-al-ramat-la-conselleria-podria-recollir-la-palla-de-larros-i-destinar-la-a-alimentacio\/"},"modified":"2024-08-30T14:20:48","modified_gmt":"2024-08-30T12:20:48","slug":"eva-tudela-amb-el-problema-que-tenim-amb-la-ramaderia-que-no-tenen-alimentacio-per-al-ramat-la-conselleria-podria-recollir-la-palla-de-larros-i-destinar-la-a-alimentacio","status":"publish","type":"dm-podcast","link":"https:\/\/serbenidorm.daliisolutions.com\/index.php\/dm-podcast\/eva-tudela-amb-el-problema-que-tenim-amb-la-ramaderia-que-no-tenen-alimentacio-per-al-ramat-la-conselleria-podria-recollir-la-palla-de-larros-i-destinar-la-a-alimentacio\/","title":{"rendered":"Eva Tudela: \u00abAmb el problema que tenim amb la ramaderia, que no tenen alimentaci\u00f3 per al ramat, la Conselleria podria recollir la palla de l&#8217;arr\u00f2s i destinar-la a alimentaci\u00f3\u00bb"},"featured_media":0,"template":"","meta":{"_acf_changed":false},"dm-programa":[7],"class_list":["post-7918","dm-podcast","type-dm-podcast","status-publish","hentry","dm-programa-podcast-radio-valencia-hora-14-comunitat-valenciana-2298"],"acf":{"url":"https:\/\/sdmedia.playser.cadenaser.com\/mcv\/playser\/multimedia\/20240830\/4119539_112556_audio_128.mp3"},"_links":{"self":[{"href":"https:\/\/serbenidorm.daliisolutions.com\/index.php\/wp-json\/wp\/v2\/dm-podcast\/7918","targetHints":{"allow":["GET"]}}],"collection":[{"href":"https:\/\/serbenidorm.daliisolutions.com\/index.php\/wp-json\/wp\/v2\/dm-podcast"}],"about":[{"href":"https:\/\/serbenidorm.daliisolutions.com\/index.php\/wp-json\/wp\/v2\/types\/dm-podcast"}],"wp:attachment":[{"href":"https:\/\/serbenidorm.daliisolutions.com\/index.php\/wp-json\/wp\/v2\/media?parent=7918"}],"wp:term":[{"taxonomy":"dm-programa","embeddable":true,"href":"https:\/\/serbenidorm.daliisolutions.com\/index.php\/wp-json\/wp\/v2\/dm-programa?post=7918"}],"curies":[{"name":"wp","href":"https:\/\/api.w.org\/{rel}","templated":true}]}}

Eva Tudela: «Amb el problema que tenim amb la ramaderia, que no tenen alimentació per al ramat, la Conselleria podria recollir la palla de l&#8217;arròs i destinar-la a alimentació»
