{"id":7923,"date":"2024-08-30T15:56:35","date_gmt":"2024-08-30T13:56:35","guid":{"rendered":"https:\/\/serbenidorm.daliisolutions.com\/index.php\/dm-podcast\/ma-jose-broseta-los-que-estan-mas-proximos-a-la-zona-sur-y-las-pedanias-sufren-las-consecuencias-de-la-quema-de-la-paja-del-arroz\/"},"modified":"2024-08-30T15:56:35","modified_gmt":"2024-08-30T13:56:35","slug":"ma-jose-broseta-los-que-estan-mas-proximos-a-la-zona-sur-y-las-pedanias-sufren-las-consecuencias-de-la-quema-de-la-paja-del-arroz","status":"publish","type":"dm-podcast","link":"https:\/\/serbenidorm.daliisolutions.com\/index.php\/dm-podcast\/ma-jose-broseta-los-que-estan-mas-proximos-a-la-zona-sur-y-las-pedanias-sufren-las-consecuencias-de-la-quema-de-la-paja-del-arroz\/","title":{"rendered":"M\u00aa Jos\u00e9 Broseta: \u00abLos que est\u00e1n m\u00e1s pr\u00f3ximos a la zona sur y las pedan\u00edas, sufren las consecuencias de la quema de la paja del arroz\u00bb"},"featured_media":0,"template":"","meta":{"_acf_changed":false},"dm-programa":[7],"class_list":["post-7923","dm-podcast","type-dm-podcast","status-publish","hentry","dm-programa-podcast-radio-valencia-hora-14-comunitat-valenciana-2298"],"acf":{"url":"https:\/\/sdmedia.playser.cadenaser.com\/mcv\/playser\/multimedia\/20240830\/4119548_113144_audio_128.mp3"},"_links":{"self":[{"href":"https:\/\/serbenidorm.daliisolutions.com\/index.php\/wp-json\/wp\/v2\/dm-podcast\/7923","targetHints":{"allow":["GET"]}}],"collection":[{"href":"https:\/\/serbenidorm.daliisolutions.com\/index.php\/wp-json\/wp\/v2\/dm-podcast"}],"about":[{"href":"https:\/\/serbenidorm.daliisolutions.com\/index.php\/wp-json\/wp\/v2\/types\/dm-podcast"}],"wp:attachment":[{"href":"https:\/\/serbenidorm.daliisolutions.com\/index.php\/wp-json\/wp\/v2\/media?parent=7923"}],"wp:term":[{"taxonomy":"dm-programa","embeddable":true,"href":"https:\/\/serbenidorm.daliisolutions.com\/index.php\/wp-json\/wp\/v2\/dm-programa?post=7923"}],"curies":[{"name":"wp","href":"https:\/\/api.w.org\/{rel}","templated":true}]}}

Mª José Broseta: «Los que están más próximos a la zona sur y las pedanías, sufren las consecuencias de la quema de la paja del arroz»
