{"id":7924,"date":"2024-08-30T15:56:35","date_gmt":"2024-08-30T13:56:35","guid":{"rendered":"https:\/\/serbenidorm.daliisolutions.com\/index.php\/dm-podcast\/pilar-bernabe-esta-operacion-retorno-supone-mas-de-medio-millon-de-desplazamientos-en-la-comunitat-valenciana\/"},"modified":"2024-08-30T15:56:35","modified_gmt":"2024-08-30T13:56:35","slug":"pilar-bernabe-esta-operacion-retorno-supone-mas-de-medio-millon-de-desplazamientos-en-la-comunitat-valenciana","status":"publish","type":"dm-podcast","link":"https:\/\/serbenidorm.daliisolutions.com\/index.php\/dm-podcast\/pilar-bernabe-esta-operacion-retorno-supone-mas-de-medio-millon-de-desplazamientos-en-la-comunitat-valenciana\/","title":{"rendered":"Pilar Bernab\u00e9: \u00abEsta operaci\u00f3n retorno supone m\u00e1s de medio mill\u00f3n de desplazamientos en la Comunitat Valenciana\u00bb"},"featured_media":0,"template":"","meta":{"_acf_changed":false},"dm-programa":[7],"class_list":["post-7924","dm-podcast","type-dm-podcast","status-publish","hentry","dm-programa-podcast-radio-valencia-hora-14-comunitat-valenciana-2298"],"acf":{"url":"https:\/\/sdmedia.playser.cadenaser.com\/mcv\/playser\/multimedia\/20240830\/4119576_120449_audio_128.mp3"},"_links":{"self":[{"href":"https:\/\/serbenidorm.daliisolutions.com\/index.php\/wp-json\/wp\/v2\/dm-podcast\/7924","targetHints":{"allow":["GET"]}}],"collection":[{"href":"https:\/\/serbenidorm.daliisolutions.com\/index.php\/wp-json\/wp\/v2\/dm-podcast"}],"about":[{"href":"https:\/\/serbenidorm.daliisolutions.com\/index.php\/wp-json\/wp\/v2\/types\/dm-podcast"}],"wp:attachment":[{"href":"https:\/\/serbenidorm.daliisolutions.com\/index.php\/wp-json\/wp\/v2\/media?parent=7924"}],"wp:term":[{"taxonomy":"dm-programa","embeddable":true,"href":"https:\/\/serbenidorm.daliisolutions.com\/index.php\/wp-json\/wp\/v2\/dm-programa?post=7924"}],"curies":[{"name":"wp","href":"https:\/\/api.w.org\/{rel}","templated":true}]}}

Pilar Bernabé: «Esta operación retorno supone más de medio millón de desplazamientos en la Comunitat Valenciana»
