{"id":7932,"date":"2024-08-31T17:31:32","date_gmt":"2024-08-31T15:31:32","guid":{"rendered":"https:\/\/serbenidorm.daliisolutions.com\/index.php\/dm-podcast\/maite-garcia-hosbec-asegura-que-la-ocupacion-hotelera-en-la-comunitat-valenciana-cierra-este-agosto-con-mas-del-90-de-reservas-en-destinos-costeros\/"},"modified":"2024-08-31T17:31:32","modified_gmt":"2024-08-31T15:31:32","slug":"maite-garcia-hosbec-asegura-que-la-ocupacion-hotelera-en-la-comunitat-valenciana-cierra-este-agosto-con-mas-del-90-de-reservas-en-destinos-costeros","status":"publish","type":"dm-podcast","link":"https:\/\/serbenidorm.daliisolutions.com\/index.php\/dm-podcast\/maite-garcia-hosbec-asegura-que-la-ocupacion-hotelera-en-la-comunitat-valenciana-cierra-este-agosto-con-mas-del-90-de-reservas-en-destinos-costeros\/","title":{"rendered":"Maite Garc\u00eda (Hosbec) asegura que la ocupaci\u00f3n hotelera en la Comunitat Valenciana cierra este agosto con m\u00e1s del 90% de reservas en destinos costeros"},"featured_media":0,"template":"","meta":{"_acf_changed":false},"dm-programa":[7],"class_list":["post-7932","dm-podcast","type-dm-podcast","status-publish","hentry","dm-programa-podcast-radio-valencia-hora-14-comunitat-valenciana-2298"],"acf":{"url":"https:\/\/sdmedia.playser.cadenaser.com\/mcv\/playser\/multimedia\/20240831\/4120461_092210_audio_128.mp3"},"_links":{"self":[{"href":"https:\/\/serbenidorm.daliisolutions.com\/index.php\/wp-json\/wp\/v2\/dm-podcast\/7932","targetHints":{"allow":["GET"]}}],"collection":[{"href":"https:\/\/serbenidorm.daliisolutions.com\/index.php\/wp-json\/wp\/v2\/dm-podcast"}],"about":[{"href":"https:\/\/serbenidorm.daliisolutions.com\/index.php\/wp-json\/wp\/v2\/types\/dm-podcast"}],"wp:attachment":[{"href":"https:\/\/serbenidorm.daliisolutions.com\/index.php\/wp-json\/wp\/v2\/media?parent=7932"}],"wp:term":[{"taxonomy":"dm-programa","embeddable":true,"href":"https:\/\/serbenidorm.daliisolutions.com\/index.php\/wp-json\/wp\/v2\/dm-programa?post=7932"}],"curies":[{"name":"wp","href":"https:\/\/api.w.org\/{rel}","templated":true}]}}

Maite García (Hosbec) asegura que la ocupación hotelera en la Comunitat Valenciana cierra este agosto con más del 90% de reservas en destinos costeros
