{"id":7933,"date":"2024-08-31T17:31:32","date_gmt":"2024-08-31T15:31:32","guid":{"rendered":"https:\/\/serbenidorm.daliisolutions.com\/index.php\/dm-podcast\/silvia-blasco-aptur-afirma-que-la-ocupacion-en-apartamentos-turisticos-tambien-ha-sido-positiva-este-verano-para-la-comunitat-valenciana\/"},"modified":"2024-08-31T17:31:32","modified_gmt":"2024-08-31T15:31:32","slug":"silvia-blasco-aptur-afirma-que-la-ocupacion-en-apartamentos-turisticos-tambien-ha-sido-positiva-este-verano-para-la-comunitat-valenciana","status":"publish","type":"dm-podcast","link":"https:\/\/serbenidorm.daliisolutions.com\/index.php\/dm-podcast\/silvia-blasco-aptur-afirma-que-la-ocupacion-en-apartamentos-turisticos-tambien-ha-sido-positiva-este-verano-para-la-comunitat-valenciana\/","title":{"rendered":"Silvia Blasco (APTUR) afirma que la ocupaci\u00f3n en apartamentos tur\u00edsticos tambi\u00e9n ha sido positiva este verano para la Comunitat Valenciana"},"featured_media":0,"template":"","meta":{"_acf_changed":false},"dm-programa":[7],"class_list":["post-7933","dm-podcast","type-dm-podcast","status-publish","hentry","dm-programa-podcast-radio-valencia-hora-14-comunitat-valenciana-2298"],"acf":{"url":"https:\/\/sdmedia.playser.cadenaser.com\/mcv\/playser\/multimedia\/20240831\/4120465_092513_audio_128.mp3"},"_links":{"self":[{"href":"https:\/\/serbenidorm.daliisolutions.com\/index.php\/wp-json\/wp\/v2\/dm-podcast\/7933","targetHints":{"allow":["GET"]}}],"collection":[{"href":"https:\/\/serbenidorm.daliisolutions.com\/index.php\/wp-json\/wp\/v2\/dm-podcast"}],"about":[{"href":"https:\/\/serbenidorm.daliisolutions.com\/index.php\/wp-json\/wp\/v2\/types\/dm-podcast"}],"wp:attachment":[{"href":"https:\/\/serbenidorm.daliisolutions.com\/index.php\/wp-json\/wp\/v2\/media?parent=7933"}],"wp:term":[{"taxonomy":"dm-programa","embeddable":true,"href":"https:\/\/serbenidorm.daliisolutions.com\/index.php\/wp-json\/wp\/v2\/dm-programa?post=7933"}],"curies":[{"name":"wp","href":"https:\/\/api.w.org\/{rel}","templated":true}]}}

Silvia Blasco (APTUR) afirma que la ocupación en apartamentos turísticos también ha sido positiva este verano para la Comunitat Valenciana
