{"id":7937,"date":"2024-09-01T14:00:27","date_gmt":"2024-09-01T12:00:27","guid":{"rendered":""},"modified":"2024-09-01T14:00:27","modified_gmt":"2024-09-01T12:00:27","slug":"el-jefe-del-servicio-de-oncologia-medica-en-el-hospital-provincial-de-castellon-y-el-oncologo-en-el-hospital-la-fe-de-valencia-explican-en-que-consiste-la-primera-vacuna-experimental-contra-el-cancer","status":"publish","type":"dm-podcast","link":"https:\/\/serbenidorm.daliisolutions.com\/index.php\/dm-podcast\/el-jefe-del-servicio-de-oncologia-medica-en-el-hospital-provincial-de-castellon-y-el-oncologo-en-el-hospital-la-fe-de-valencia-explican-en-que-consiste-la-primera-vacuna-experimental-contra-el-cancer\/","title":{"rendered":"El jefe del servicio de Oncolog\u00eda M\u00e9dica en el Hospital Provincial de Castell\u00f3n y el onc\u00f3logo en el Hospital La Fe de Valencia explican en qu\u00e9 consiste la primera vacuna experimental contra el c\u00e1ncer de pulm\u00f3n suministrada en algunos pacientes de"},"featured_media":0,"template":"","meta":{"_acf_changed":false},"dm-programa":[7],"class_list":["post-7937","dm-podcast","type-dm-podcast","status-publish","hentry","dm-programa-podcast-radio-valencia-hora-14-comunitat-valenciana-2298"],"acf":{"url":"https:\/\/sdmedia.playser.cadenaser.com\/mcv\/playser\/multimedia\/20240901\/4120893_094934_audio_128.mp3"},"_links":{"self":[{"href":"https:\/\/serbenidorm.daliisolutions.com\/index.php\/wp-json\/wp\/v2\/dm-podcast\/7937","targetHints":{"allow":["GET"]}}],"collection":[{"href":"https:\/\/serbenidorm.daliisolutions.com\/index.php\/wp-json\/wp\/v2\/dm-podcast"}],"about":[{"href":"https:\/\/serbenidorm.daliisolutions.com\/index.php\/wp-json\/wp\/v2\/types\/dm-podcast"}],"wp:attachment":[{"href":"https:\/\/serbenidorm.daliisolutions.com\/index.php\/wp-json\/wp\/v2\/media?parent=7937"}],"wp:term":[{"taxonomy":"dm-programa","embeddable":true,"href":"https:\/\/serbenidorm.daliisolutions.com\/index.php\/wp-json\/wp\/v2\/dm-programa?post=7937"}],"curies":[{"name":"wp","href":"https:\/\/api.w.org\/{rel}","templated":true}]}}

El jefe del servicio de Oncología Médica en el Hospital Provincial de Castellón y el oncólogo en el Hospital La Fe de Valencia explican en qué consiste la primera vacuna experimental contra el cáncer de pulmón suministrada en algunos pacientes de
