{"id":795,"date":"2023-12-20T15:55:54","date_gmt":"2023-12-20T14:55:54","guid":{"rendered":"https:\/\/serbenidorm.daliisolutions.com\/index.php\/dm-podcast\/el-delegado-de-aemet-en-la-comunitat-valenciana-jorge-tamayo-asegura-que-este-2023-podria-ser-sino-el-primero-el-segundo-mas-calido-desde-que-hay-registros-en-la-comunitat-valenciana\/"},"modified":"2023-12-20T15:55:54","modified_gmt":"2023-12-20T14:55:54","slug":"el-delegado-de-aemet-en-la-comunitat-valenciana-jorge-tamayo-asegura-que-este-2023-podria-ser-sino-el-primero-el-segundo-mas-calido-desde-que-hay-registros-en-la-comunitat-valenciana","status":"publish","type":"dm-podcast","link":"https:\/\/serbenidorm.daliisolutions.com\/index.php\/dm-podcast\/el-delegado-de-aemet-en-la-comunitat-valenciana-jorge-tamayo-asegura-que-este-2023-podria-ser-sino-el-primero-el-segundo-mas-calido-desde-que-hay-registros-en-la-comunitat-valenciana\/","title":{"rendered":"El delegado de AEMET en la Comunitat Valenciana, Jorge Tamayo, asegura que este 2023 podr\u00eda ser, sino el primero, el segundo m\u00e1s c\u00e1lido desde que hay registros en la Comunitat Valenciana"},"featured_media":0,"template":"","meta":{"_acf_changed":false},"dm-programa":[7],"class_list":["post-795","dm-podcast","type-dm-podcast","status-publish","hentry","dm-programa-podcast-radio-valencia-hora-14-comunitat-valenciana-2298"],"acf":{"url":"https:\/\/sdmedia.playser.cadenaser.com\/playser\/multimedia\/202312\/19\/1703010833839_1703010861_audio_128.mp3"},"_links":{"self":[{"href":"https:\/\/serbenidorm.daliisolutions.com\/index.php\/wp-json\/wp\/v2\/dm-podcast\/795","targetHints":{"allow":["GET"]}}],"collection":[{"href":"https:\/\/serbenidorm.daliisolutions.com\/index.php\/wp-json\/wp\/v2\/dm-podcast"}],"about":[{"href":"https:\/\/serbenidorm.daliisolutions.com\/index.php\/wp-json\/wp\/v2\/types\/dm-podcast"}],"wp:attachment":[{"href":"https:\/\/serbenidorm.daliisolutions.com\/index.php\/wp-json\/wp\/v2\/media?parent=795"}],"wp:term":[{"taxonomy":"dm-programa","embeddable":true,"href":"https:\/\/serbenidorm.daliisolutions.com\/index.php\/wp-json\/wp\/v2\/dm-programa?post=795"}],"curies":[{"name":"wp","href":"https:\/\/api.w.org\/{rel}","templated":true}]}}

El delegado de AEMET en la Comunitat Valenciana, Jorge Tamayo, asegura que este 2023 podría ser, sino el primero, el segundo más cálido desde que hay registros en la Comunitat Valenciana
