{"id":7953,"date":"2024-09-03T10:15:18","date_gmt":"2024-09-03T08:15:18","guid":{"rendered":"https:\/\/serbenidorm.daliisolutions.com\/index.php\/dm-podcast\/jorge-olcina-climatologia-ua-cree-que-tendria-que-llover-como-en-un-otono-mediterraneo-normal-para-paliar-la-sequia\/"},"modified":"2024-09-03T10:15:18","modified_gmt":"2024-09-03T08:15:18","slug":"jorge-olcina-climatologia-ua-cree-que-tendria-que-llover-como-en-un-otono-mediterraneo-normal-para-paliar-la-sequia","status":"publish","type":"dm-podcast","link":"https:\/\/serbenidorm.daliisolutions.com\/index.php\/dm-podcast\/jorge-olcina-climatologia-ua-cree-que-tendria-que-llover-como-en-un-otono-mediterraneo-normal-para-paliar-la-sequia\/","title":{"rendered":"Jorge Olcina (Climatolog\u00eda UA) cree que tendr\u00eda que llover como en un oto\u00f1o mediterr\u00e1neo normal para paliar la sequ\u00eda"},"featured_media":0,"template":"","meta":{"_acf_changed":false},"dm-programa":[7],"class_list":["post-7953","dm-podcast","type-dm-podcast","status-publish","hentry","dm-programa-podcast-radio-valencia-hora-14-comunitat-valenciana-2298"],"acf":{"url":"https:\/\/sdmedia.playser.cadenaser.com\/mcv\/playser\/multimedia\/20240902\/4121641_102548_audio_128.mp3"},"_links":{"self":[{"href":"https:\/\/serbenidorm.daliisolutions.com\/index.php\/wp-json\/wp\/v2\/dm-podcast\/7953","targetHints":{"allow":["GET"]}}],"collection":[{"href":"https:\/\/serbenidorm.daliisolutions.com\/index.php\/wp-json\/wp\/v2\/dm-podcast"}],"about":[{"href":"https:\/\/serbenidorm.daliisolutions.com\/index.php\/wp-json\/wp\/v2\/types\/dm-podcast"}],"wp:attachment":[{"href":"https:\/\/serbenidorm.daliisolutions.com\/index.php\/wp-json\/wp\/v2\/media?parent=7953"}],"wp:term":[{"taxonomy":"dm-programa","embeddable":true,"href":"https:\/\/serbenidorm.daliisolutions.com\/index.php\/wp-json\/wp\/v2\/dm-programa?post=7953"}],"curies":[{"name":"wp","href":"https:\/\/api.w.org\/{rel}","templated":true}]}}

Jorge Olcina (Climatología UA) cree que tendría que llover como en un otoño mediterráneo normal para paliar la sequía
