{"id":7986,"date":"2024-09-03T15:24:41","date_gmt":"2024-09-03T13:24:41","guid":{"rendered":"https:\/\/serbenidorm.daliisolutions.com\/index.php\/dm-podcast\/jose-munoz-pspv-pide-que-mazon-de-explicaciones-sobre-como-gestionara-su-relacion-con-vox\/"},"modified":"2024-09-03T15:24:41","modified_gmt":"2024-09-03T13:24:41","slug":"jose-munoz-pspv-pide-que-mazon-de-explicaciones-sobre-como-gestionara-su-relacion-con-vox","status":"publish","type":"dm-podcast","link":"https:\/\/serbenidorm.daliisolutions.com\/index.php\/dm-podcast\/jose-munoz-pspv-pide-que-mazon-de-explicaciones-sobre-como-gestionara-su-relacion-con-vox\/","title":{"rendered":"Jos\u00e9 Mu\u00f1oz (PSPV) pide que Maz\u00f3n d\u00e9 explicaciones sobre c\u00f3mo gestionar\u00e1 su relaci\u00f3n con Vox"},"featured_media":0,"template":"","meta":{"_acf_changed":false},"dm-programa":[7],"class_list":["post-7986","dm-podcast","type-dm-podcast","status-publish","hentry","dm-programa-podcast-radio-valencia-hora-14-comunitat-valenciana-2298"],"acf":{"url":"https:\/\/sdmedia.playser.cadenaser.com\/mcv\/playser\/multimedia\/20240902\/4122188_141804_audio_128.mp3"},"_links":{"self":[{"href":"https:\/\/serbenidorm.daliisolutions.com\/index.php\/wp-json\/wp\/v2\/dm-podcast\/7986","targetHints":{"allow":["GET"]}}],"collection":[{"href":"https:\/\/serbenidorm.daliisolutions.com\/index.php\/wp-json\/wp\/v2\/dm-podcast"}],"about":[{"href":"https:\/\/serbenidorm.daliisolutions.com\/index.php\/wp-json\/wp\/v2\/types\/dm-podcast"}],"wp:attachment":[{"href":"https:\/\/serbenidorm.daliisolutions.com\/index.php\/wp-json\/wp\/v2\/media?parent=7986"}],"wp:term":[{"taxonomy":"dm-programa","embeddable":true,"href":"https:\/\/serbenidorm.daliisolutions.com\/index.php\/wp-json\/wp\/v2\/dm-programa?post=7986"}],"curies":[{"name":"wp","href":"https:\/\/api.w.org\/{rel}","templated":true}]}}

José Muñoz (PSPV) pide que Mazón dé explicaciones sobre cómo gestionará su relación con Vox
