{"id":8014,"date":"2024-09-03T20:31:10","date_gmt":"2024-09-03T18:31:10","guid":{"rendered":"https:\/\/serbenidorm.daliisolutions.com\/index.php\/dm-podcast\/entrevista-a-jose-angel-nunez-jefe-de-climatologia-de-la-aemet-en-la-comunitat-valenciana-en-la-ventana-comunitat-valenciana-03-09-2024\/"},"modified":"2024-09-03T20:31:10","modified_gmt":"2024-09-03T18:31:10","slug":"entrevista-a-jose-angel-nunez-jefe-de-climatologia-de-la-aemet-en-la-comunitat-valenciana-en-la-ventana-comunitat-valenciana-03-09-2024","status":"publish","type":"dm-podcast","link":"https:\/\/serbenidorm.daliisolutions.com\/index.php\/dm-podcast\/entrevista-a-jose-angel-nunez-jefe-de-climatologia-de-la-aemet-en-la-comunitat-valenciana-en-la-ventana-comunitat-valenciana-03-09-2024\/","title":{"rendered":"Entrevista a Jos\u00e9 \u00c1ngel N\u00fa\u00f1ez, jefe de climatolog\u00eda de la AEMET en la Comunitat Valenciana en La Ventana Comunitat Valenciana (03-09-2024)"},"featured_media":0,"template":"","meta":{"_acf_changed":false},"dm-programa":[6],"class_list":["post-8014","dm-podcast","type-dm-podcast","status-publish","hentry","dm-programa-podcast-radio-valencia-la-ventana-comunitat-valenciana-2292"],"acf":{"url":"https:\/\/sdmedia.playser.cadenaser.com\/mcv\/playser\/multimedia\/20240903\/4124081_161607_audio_128.mp3"},"_links":{"self":[{"href":"https:\/\/serbenidorm.daliisolutions.com\/index.php\/wp-json\/wp\/v2\/dm-podcast\/8014","targetHints":{"allow":["GET"]}}],"collection":[{"href":"https:\/\/serbenidorm.daliisolutions.com\/index.php\/wp-json\/wp\/v2\/dm-podcast"}],"about":[{"href":"https:\/\/serbenidorm.daliisolutions.com\/index.php\/wp-json\/wp\/v2\/types\/dm-podcast"}],"wp:attachment":[{"href":"https:\/\/serbenidorm.daliisolutions.com\/index.php\/wp-json\/wp\/v2\/media?parent=8014"}],"wp:term":[{"taxonomy":"dm-programa","embeddable":true,"href":"https:\/\/serbenidorm.daliisolutions.com\/index.php\/wp-json\/wp\/v2\/dm-programa?post=8014"}],"curies":[{"name":"wp","href":"https:\/\/api.w.org\/{rel}","templated":true}]}}

Entrevista a José Ángel Núñez, jefe de climatología de la AEMET en la Comunitat Valenciana en La Ventana Comunitat Valenciana (03-09-2024)
