{"id":8020,"date":"2024-09-04T14:41:52","date_gmt":"2024-09-04T12:41:52","guid":{"rendered":"https:\/\/serbenidorm.daliisolutions.com\/index.php\/dm-podcast\/francisco-rodriguez-uce-destaca-que-el-gasto-energetico-depende-de-las-comunidades-autonomas-y-sus-caracteristicas-territoriales\/"},"modified":"2024-09-04T14:41:52","modified_gmt":"2024-09-04T12:41:52","slug":"francisco-rodriguez-uce-destaca-que-el-gasto-energetico-depende-de-las-comunidades-autonomas-y-sus-caracteristicas-territoriales","status":"publish","type":"dm-podcast","link":"https:\/\/serbenidorm.daliisolutions.com\/index.php\/dm-podcast\/francisco-rodriguez-uce-destaca-que-el-gasto-energetico-depende-de-las-comunidades-autonomas-y-sus-caracteristicas-territoriales\/","title":{"rendered":"Francisco Rodr\u00edguez (UCE) destaca que el gasto energ\u00e9tico depende de las comunidades aut\u00f3nomas y sus caracter\u00edsticas territoriales"},"featured_media":0,"template":"","meta":{"_acf_changed":false},"dm-programa":[7],"class_list":["post-8020","dm-podcast","type-dm-podcast","status-publish","hentry","dm-programa-podcast-radio-valencia-hora-14-comunitat-valenciana-2298"],"acf":{"url":"https:\/\/sdmedia.playser.cadenaser.com\/mcv\/playser\/multimedia\/20240904\/4124980_102652_audio_128.mp3"},"_links":{"self":[{"href":"https:\/\/serbenidorm.daliisolutions.com\/index.php\/wp-json\/wp\/v2\/dm-podcast\/8020","targetHints":{"allow":["GET"]}}],"collection":[{"href":"https:\/\/serbenidorm.daliisolutions.com\/index.php\/wp-json\/wp\/v2\/dm-podcast"}],"about":[{"href":"https:\/\/serbenidorm.daliisolutions.com\/index.php\/wp-json\/wp\/v2\/types\/dm-podcast"}],"wp:attachment":[{"href":"https:\/\/serbenidorm.daliisolutions.com\/index.php\/wp-json\/wp\/v2\/media?parent=8020"}],"wp:term":[{"taxonomy":"dm-programa","embeddable":true,"href":"https:\/\/serbenidorm.daliisolutions.com\/index.php\/wp-json\/wp\/v2\/dm-programa?post=8020"}],"curies":[{"name":"wp","href":"https:\/\/api.w.org\/{rel}","templated":true}]}}

Francisco Rodríguez (UCE) destaca que el gasto energético depende de las comunidades autónomas y sus características territoriales
