{"id":8026,"date":"2024-09-04T14:41:53","date_gmt":"2024-09-04T12:41:53","guid":{"rendered":"https:\/\/serbenidorm.daliisolutions.com\/index.php\/dm-podcast\/vila-diversitat-y-arcoiris-entiende-sobre-el-ataque-homofobo-de-villajoyosa-y-sus-acciones-de-concienciacion\/"},"modified":"2024-09-04T14:41:53","modified_gmt":"2024-09-04T12:41:53","slug":"vila-diversitat-y-arcoiris-entiende-sobre-el-ataque-homofobo-de-villajoyosa-y-sus-acciones-de-concienciacion","status":"publish","type":"dm-podcast","link":"https:\/\/serbenidorm.daliisolutions.com\/index.php\/dm-podcast\/vila-diversitat-y-arcoiris-entiende-sobre-el-ataque-homofobo-de-villajoyosa-y-sus-acciones-de-concienciacion\/","title":{"rendered":"&#8216;Vila Diversitat&#8217; y &#8216;Arco\u00edris Entiende&#8217; sobre el ataque hom\u00f3fobo de Villajoyosa y sus acciones de concienciaci\u00f3n"},"featured_media":0,"template":"","meta":{"_acf_changed":false},"dm-programa":[2],"class_list":["post-8026","dm-podcast","type-dm-podcast","status-publish","hentry","dm-programa-podcast-radio-benidorm-3154"],"acf":{"url":"https:\/\/sdmedia.playser.cadenaser.com\/mcv\/playser\/multimedia\/20240903\/4124167_175401_audio_128.mp3"},"_links":{"self":[{"href":"https:\/\/serbenidorm.daliisolutions.com\/index.php\/wp-json\/wp\/v2\/dm-podcast\/8026","targetHints":{"allow":["GET"]}}],"collection":[{"href":"https:\/\/serbenidorm.daliisolutions.com\/index.php\/wp-json\/wp\/v2\/dm-podcast"}],"about":[{"href":"https:\/\/serbenidorm.daliisolutions.com\/index.php\/wp-json\/wp\/v2\/types\/dm-podcast"}],"wp:attachment":[{"href":"https:\/\/serbenidorm.daliisolutions.com\/index.php\/wp-json\/wp\/v2\/media?parent=8026"}],"wp:term":[{"taxonomy":"dm-programa","embeddable":true,"href":"https:\/\/serbenidorm.daliisolutions.com\/index.php\/wp-json\/wp\/v2\/dm-programa?post=8026"}],"curies":[{"name":"wp","href":"https:\/\/api.w.org\/{rel}","templated":true}]}}

&#8216;Vila Diversitat&#8217; y &#8216;Arcoíris Entiende&#8217; sobre el ataque homófobo de Villajoyosa y sus acciones de concienciación
