{"id":8069,"date":"2024-09-05T16:24:07","date_gmt":"2024-09-05T14:24:07","guid":{"rendered":"https:\/\/serbenidorm.daliisolutions.com\/index.php\/dm-podcast\/jose-antonio-rovira-conseller-de-educacion-avanza-que-la-educacion-de-0-a-3-anos-es-gratuita-por-primera-vez-en-la-comunitat-valenciana\/"},"modified":"2024-09-05T16:24:07","modified_gmt":"2024-09-05T14:24:07","slug":"jose-antonio-rovira-conseller-de-educacion-avanza-que-la-educacion-de-0-a-3-anos-es-gratuita-por-primera-vez-en-la-comunitat-valenciana","status":"publish","type":"dm-podcast","link":"https:\/\/serbenidorm.daliisolutions.com\/index.php\/dm-podcast\/jose-antonio-rovira-conseller-de-educacion-avanza-que-la-educacion-de-0-a-3-anos-es-gratuita-por-primera-vez-en-la-comunitat-valenciana\/","title":{"rendered":"Jos\u00e9 Antonio Rovira, conseller de Educaci\u00f3n, avanza que la educaci\u00f3n de 0 a 3 a\u00f1os es \u00abgratuita\u00bb por primera vez en la Comunitat Valenciana"},"featured_media":0,"template":"","meta":{"_acf_changed":false},"dm-programa":[7],"class_list":["post-8069","dm-podcast","type-dm-podcast","status-publish","hentry","dm-programa-podcast-radio-valencia-hora-14-comunitat-valenciana-2298"],"acf":{"url":"https:\/\/sdmedia.playser.cadenaser.com\/mcv\/playser\/multimedia\/20240905\/4126775_113713_audio_128.mp3"},"_links":{"self":[{"href":"https:\/\/serbenidorm.daliisolutions.com\/index.php\/wp-json\/wp\/v2\/dm-podcast\/8069","targetHints":{"allow":["GET"]}}],"collection":[{"href":"https:\/\/serbenidorm.daliisolutions.com\/index.php\/wp-json\/wp\/v2\/dm-podcast"}],"about":[{"href":"https:\/\/serbenidorm.daliisolutions.com\/index.php\/wp-json\/wp\/v2\/types\/dm-podcast"}],"wp:attachment":[{"href":"https:\/\/serbenidorm.daliisolutions.com\/index.php\/wp-json\/wp\/v2\/media?parent=8069"}],"wp:term":[{"taxonomy":"dm-programa","embeddable":true,"href":"https:\/\/serbenidorm.daliisolutions.com\/index.php\/wp-json\/wp\/v2\/dm-programa?post=8069"}],"curies":[{"name":"wp","href":"https:\/\/api.w.org\/{rel}","templated":true}]}}

José Antonio Rovira, conseller de Educación, avanza que la educación de 0 a 3 años es «gratuita» por primera vez en la Comunitat Valenciana
