{"id":8086,"date":"2024-09-05T17:50:32","date_gmt":"2024-09-05T15:50:32","guid":{"rendered":"https:\/\/serbenidorm.daliisolutions.com\/index.php\/dm-podcast\/maria-vidal-suena-con-que-el-poomsae-entre-en-el-programa-olimpico-y-estar-en-los-angeles\/"},"modified":"2024-09-05T17:50:32","modified_gmt":"2024-09-05T15:50:32","slug":"maria-vidal-suena-con-que-el-poomsae-entre-en-el-programa-olimpico-y-estar-en-los-angeles","status":"publish","type":"dm-podcast","link":"https:\/\/serbenidorm.daliisolutions.com\/index.php\/dm-podcast\/maria-vidal-suena-con-que-el-poomsae-entre-en-el-programa-olimpico-y-estar-en-los-angeles\/","title":{"rendered":"Mar\u00eda Vidal sue\u00f1a con que el poomsae entre en el programa ol\u00edmpico y estar en Los \u00c1ngeles"},"featured_media":0,"template":"","meta":{"_acf_changed":false},"dm-programa":[8],"class_list":["post-8086","dm-podcast","type-dm-podcast","status-publish","hentry","dm-programa-podcast-radio-benidorm-ser-deportivos-benidorm-2994"],"acf":{"url":"https:\/\/sdmedia.playser.cadenaser.com\/mcv\/playser\/multimedia\/20240905\/4127087_130042_audio_128.mp3"},"_links":{"self":[{"href":"https:\/\/serbenidorm.daliisolutions.com\/index.php\/wp-json\/wp\/v2\/dm-podcast\/8086","targetHints":{"allow":["GET"]}}],"collection":[{"href":"https:\/\/serbenidorm.daliisolutions.com\/index.php\/wp-json\/wp\/v2\/dm-podcast"}],"about":[{"href":"https:\/\/serbenidorm.daliisolutions.com\/index.php\/wp-json\/wp\/v2\/types\/dm-podcast"}],"wp:attachment":[{"href":"https:\/\/serbenidorm.daliisolutions.com\/index.php\/wp-json\/wp\/v2\/media?parent=8086"}],"wp:term":[{"taxonomy":"dm-programa","embeddable":true,"href":"https:\/\/serbenidorm.daliisolutions.com\/index.php\/wp-json\/wp\/v2\/dm-programa?post=8086"}],"curies":[{"name":"wp","href":"https:\/\/api.w.org\/{rel}","templated":true}]}}

María Vidal sueña con que el poomsae entre en el programa olímpico y estar en Los Ángeles
