{"id":8109,"date":"2024-09-06T15:06:49","date_gmt":"2024-09-06T13:06:49","guid":{"rendered":"https:\/\/serbenidorm.daliisolutions.com\/index.php\/dm-podcast\/alberto-nunez-feijoo-lider-del-pp-reclama-que-se-ejecute-un-fondo-de-nivelacion-transitorio-mientras-se-negocia-un-nuevo-modelo-de-financiacion\/"},"modified":"2024-09-06T15:06:49","modified_gmt":"2024-09-06T13:06:49","slug":"alberto-nunez-feijoo-lider-del-pp-reclama-que-se-ejecute-un-fondo-de-nivelacion-transitorio-mientras-se-negocia-un-nuevo-modelo-de-financiacion","status":"publish","type":"dm-podcast","link":"https:\/\/serbenidorm.daliisolutions.com\/index.php\/dm-podcast\/alberto-nunez-feijoo-lider-del-pp-reclama-que-se-ejecute-un-fondo-de-nivelacion-transitorio-mientras-se-negocia-un-nuevo-modelo-de-financiacion\/","title":{"rendered":"Alberto N\u00fa\u00f1ez Feij\u00f3o (l\u00edder del PP) reclama que se ejecute un fondo de nivelaci\u00f3n transitorio mientras se negocia un nuevo modelo de financiaci\u00f3n"},"featured_media":0,"template":"","meta":{"_acf_changed":false},"dm-programa":[7],"class_list":["post-8109","dm-podcast","type-dm-podcast","status-publish","hentry","dm-programa-podcast-radio-valencia-hora-14-comunitat-valenciana-2298"],"acf":{"url":"https:\/\/sdmedia.playser.cadenaser.com\/mcv\/playser\/multimedia\/20240906\/4128558_122209_audio_128.mp3"},"_links":{"self":[{"href":"https:\/\/serbenidorm.daliisolutions.com\/index.php\/wp-json\/wp\/v2\/dm-podcast\/8109","targetHints":{"allow":["GET"]}}],"collection":[{"href":"https:\/\/serbenidorm.daliisolutions.com\/index.php\/wp-json\/wp\/v2\/dm-podcast"}],"about":[{"href":"https:\/\/serbenidorm.daliisolutions.com\/index.php\/wp-json\/wp\/v2\/types\/dm-podcast"}],"wp:attachment":[{"href":"https:\/\/serbenidorm.daliisolutions.com\/index.php\/wp-json\/wp\/v2\/media?parent=8109"}],"wp:term":[{"taxonomy":"dm-programa","embeddable":true,"href":"https:\/\/serbenidorm.daliisolutions.com\/index.php\/wp-json\/wp\/v2\/dm-programa?post=8109"}],"curies":[{"name":"wp","href":"https:\/\/api.w.org\/{rel}","templated":true}]}}

Alberto Núñez Feijóo (líder del PP) reclama que se ejecute un fondo de nivelación transitorio mientras se negocia un nuevo modelo de financiación
