{"id":8117,"date":"2024-09-07T07:01:35","date_gmt":"2024-09-07T05:01:35","guid":{"rendered":"https:\/\/serbenidorm.daliisolutions.com\/index.php\/dm-podcast\/entrevista-a-juan-garcia-armengol-coordinador-de-coperacion-en-cirugia-de-la-fvf-en-la-ventana-comunitat-valenciana-06-09-2024\/"},"modified":"2024-09-07T07:01:35","modified_gmt":"2024-09-07T05:01:35","slug":"entrevista-a-juan-garcia-armengol-coordinador-de-coperacion-en-cirugia-de-la-fvf-en-la-ventana-comunitat-valenciana-06-09-2024","status":"publish","type":"dm-podcast","link":"https:\/\/serbenidorm.daliisolutions.com\/index.php\/dm-podcast\/entrevista-a-juan-garcia-armengol-coordinador-de-coperacion-en-cirugia-de-la-fvf-en-la-ventana-comunitat-valenciana-06-09-2024\/","title":{"rendered":"Entrevista a Juan Garc\u00eda Armengol, Coordinador de coperaci\u00f3n en cirug\u00eda de la FVF en La Ventana Comunitat Valenciana (06-09-2024)"},"featured_media":0,"template":"","meta":{"_acf_changed":false},"dm-programa":[6],"class_list":["post-8117","dm-podcast","type-dm-podcast","status-publish","hentry","dm-programa-podcast-radio-valencia-la-ventana-comunitat-valenciana-2292"],"acf":{"url":"https:\/\/sdmedia.playser.cadenaser.com\/mcv\/playser\/multimedia\/20240906\/4128850_141937_audio_128.mp3"},"_links":{"self":[{"href":"https:\/\/serbenidorm.daliisolutions.com\/index.php\/wp-json\/wp\/v2\/dm-podcast\/8117","targetHints":{"allow":["GET"]}}],"collection":[{"href":"https:\/\/serbenidorm.daliisolutions.com\/index.php\/wp-json\/wp\/v2\/dm-podcast"}],"about":[{"href":"https:\/\/serbenidorm.daliisolutions.com\/index.php\/wp-json\/wp\/v2\/types\/dm-podcast"}],"wp:attachment":[{"href":"https:\/\/serbenidorm.daliisolutions.com\/index.php\/wp-json\/wp\/v2\/media?parent=8117"}],"wp:term":[{"taxonomy":"dm-programa","embeddable":true,"href":"https:\/\/serbenidorm.daliisolutions.com\/index.php\/wp-json\/wp\/v2\/dm-programa?post=8117"}],"curies":[{"name":"wp","href":"https:\/\/api.w.org\/{rel}","templated":true}]}}

Entrevista a Juan García Armengol, Coordinador de coperación en cirugía de la FVF en La Ventana Comunitat Valenciana (06-09-2024)
