{"id":8145,"date":"2024-09-07T15:36:18","date_gmt":"2024-09-07T13:36:18","guid":{"rendered":"https:\/\/serbenidorm.daliisolutions.com\/index.php\/dm-podcast\/jose-luis-moreno-concejal-de-cultura-de-valencia-los-guias-municipales-explican-como-se-distribuian-estos-refugios\/"},"modified":"2024-09-07T15:36:18","modified_gmt":"2024-09-07T13:36:18","slug":"jose-luis-moreno-concejal-de-cultura-de-valencia-los-guias-municipales-explican-como-se-distribuian-estos-refugios","status":"publish","type":"dm-podcast","link":"https:\/\/serbenidorm.daliisolutions.com\/index.php\/dm-podcast\/jose-luis-moreno-concejal-de-cultura-de-valencia-los-guias-municipales-explican-como-se-distribuian-estos-refugios\/","title":{"rendered":"Jos\u00e9 Luis Moreno (concejal de Cultura de Val\u00e8ncia): \u00abLos gu\u00edas municipales explican c\u00f3mo se distribu\u00edan estos refugios\u00bb"},"featured_media":0,"template":"","meta":{"_acf_changed":false},"dm-programa":[7],"class_list":["post-8145","dm-podcast","type-dm-podcast","status-publish","hentry","dm-programa-podcast-radio-valencia-hora-14-comunitat-valenciana-2298"],"acf":{"url":"https:\/\/sdmedia.playser.cadenaser.com\/mcv\/playser\/multimedia\/20240907\/4129619_083810_audio_128.mp3"},"_links":{"self":[{"href":"https:\/\/serbenidorm.daliisolutions.com\/index.php\/wp-json\/wp\/v2\/dm-podcast\/8145","targetHints":{"allow":["GET"]}}],"collection":[{"href":"https:\/\/serbenidorm.daliisolutions.com\/index.php\/wp-json\/wp\/v2\/dm-podcast"}],"about":[{"href":"https:\/\/serbenidorm.daliisolutions.com\/index.php\/wp-json\/wp\/v2\/types\/dm-podcast"}],"wp:attachment":[{"href":"https:\/\/serbenidorm.daliisolutions.com\/index.php\/wp-json\/wp\/v2\/media?parent=8145"}],"wp:term":[{"taxonomy":"dm-programa","embeddable":true,"href":"https:\/\/serbenidorm.daliisolutions.com\/index.php\/wp-json\/wp\/v2\/dm-programa?post=8145"}],"curies":[{"name":"wp","href":"https:\/\/api.w.org\/{rel}","templated":true}]}}

José Luis Moreno (concejal de Cultura de València): «Los guías municipales explican cómo se distribuían estos refugios»
