{"id":8147,"date":"2024-09-07T15:36:18","date_gmt":"2024-09-07T13:36:18","guid":{"rendered":"https:\/\/serbenidorm.daliisolutions.com\/index.php\/dm-podcast\/maria-jose-broseta-faavv-valencia-venimos-reclamando-desde-hace-mucho-la-retirada-de-estos-lodos\/"},"modified":"2024-09-07T15:36:18","modified_gmt":"2024-09-07T13:36:18","slug":"maria-jose-broseta-faavv-valencia-venimos-reclamando-desde-hace-mucho-la-retirada-de-estos-lodos","status":"publish","type":"dm-podcast","link":"https:\/\/serbenidorm.daliisolutions.com\/index.php\/dm-podcast\/maria-jose-broseta-faavv-valencia-venimos-reclamando-desde-hace-mucho-la-retirada-de-estos-lodos\/","title":{"rendered":"Mar\u00eda Jos\u00e9 Broseta (FAAVV Val\u00e8ncia): \u00abVenimos reclamando desde hace mucho la retirada de estos lodos\u00bb"},"featured_media":0,"template":"","meta":{"_acf_changed":false},"dm-programa":[7],"class_list":["post-8147","dm-podcast","type-dm-podcast","status-publish","hentry","dm-programa-podcast-radio-valencia-hora-14-comunitat-valenciana-2298"],"acf":{"url":"https:\/\/sdmedia.playser.cadenaser.com\/mcv\/playser\/multimedia\/20240907\/4129678_111925_audio_128.mp3"},"_links":{"self":[{"href":"https:\/\/serbenidorm.daliisolutions.com\/index.php\/wp-json\/wp\/v2\/dm-podcast\/8147","targetHints":{"allow":["GET"]}}],"collection":[{"href":"https:\/\/serbenidorm.daliisolutions.com\/index.php\/wp-json\/wp\/v2\/dm-podcast"}],"about":[{"href":"https:\/\/serbenidorm.daliisolutions.com\/index.php\/wp-json\/wp\/v2\/types\/dm-podcast"}],"wp:attachment":[{"href":"https:\/\/serbenidorm.daliisolutions.com\/index.php\/wp-json\/wp\/v2\/media?parent=8147"}],"wp:term":[{"taxonomy":"dm-programa","embeddable":true,"href":"https:\/\/serbenidorm.daliisolutions.com\/index.php\/wp-json\/wp\/v2\/dm-programa?post=8147"}],"curies":[{"name":"wp","href":"https:\/\/api.w.org\/{rel}","templated":true}]}}

María José Broseta (FAAVV València): «Venimos reclamando desde hace mucho la retirada de estos lodos»
