{"id":8148,"date":"2024-09-07T15:36:18","date_gmt":"2024-09-07T13:36:18","guid":{"rendered":"https:\/\/serbenidorm.daliisolutions.com\/index.php\/dm-podcast\/maria-jose-broseta-faavv-valencia-queremos-reunirnos-con-el-ayuntamiento-de-valencia\/"},"modified":"2024-09-07T15:36:18","modified_gmt":"2024-09-07T13:36:18","slug":"maria-jose-broseta-faavv-valencia-queremos-reunirnos-con-el-ayuntamiento-de-valencia","status":"publish","type":"dm-podcast","link":"https:\/\/serbenidorm.daliisolutions.com\/index.php\/dm-podcast\/maria-jose-broseta-faavv-valencia-queremos-reunirnos-con-el-ayuntamiento-de-valencia\/","title":{"rendered":"Mar\u00eda Jos\u00e9 Broseta (FAAVV Val\u00e8ncia): \u00abQueremos reunirnos con el Ayuntamiento de Val\u00e8ncia\u00bb"},"featured_media":0,"template":"","meta":{"_acf_changed":false},"dm-programa":[7],"class_list":["post-8148","dm-podcast","type-dm-podcast","status-publish","hentry","dm-programa-podcast-radio-valencia-hora-14-comunitat-valenciana-2298"],"acf":{"url":"https:\/\/sdmedia.playser.cadenaser.com\/mcv\/playser\/multimedia\/20240907\/4129679_111939_audio_128.mp3"},"_links":{"self":[{"href":"https:\/\/serbenidorm.daliisolutions.com\/index.php\/wp-json\/wp\/v2\/dm-podcast\/8148","targetHints":{"allow":["GET"]}}],"collection":[{"href":"https:\/\/serbenidorm.daliisolutions.com\/index.php\/wp-json\/wp\/v2\/dm-podcast"}],"about":[{"href":"https:\/\/serbenidorm.daliisolutions.com\/index.php\/wp-json\/wp\/v2\/types\/dm-podcast"}],"wp:attachment":[{"href":"https:\/\/serbenidorm.daliisolutions.com\/index.php\/wp-json\/wp\/v2\/media?parent=8148"}],"wp:term":[{"taxonomy":"dm-programa","embeddable":true,"href":"https:\/\/serbenidorm.daliisolutions.com\/index.php\/wp-json\/wp\/v2\/dm-programa?post=8148"}],"curies":[{"name":"wp","href":"https:\/\/api.w.org\/{rel}","templated":true}]}}

María José Broseta (FAAVV València): «Queremos reunirnos con el Ayuntamiento de València»
