{"id":8154,"date":"2024-09-08T14:35:13","date_gmt":"2024-09-08T12:35:13","guid":{"rendered":"https:\/\/serbenidorm.daliisolutions.com\/index.php\/dm-podcast\/ninos-blanditos-la-generacion-de-ninos-consentidos-que-no-se-levantan-solos-cuando-se-caen-al-suelo\/"},"modified":"2024-09-08T14:35:13","modified_gmt":"2024-09-08T12:35:13","slug":"ninos-blanditos-la-generacion-de-ninos-consentidos-que-no-se-levantan-solos-cuando-se-caen-al-suelo","status":"publish","type":"dm-podcast","link":"https:\/\/serbenidorm.daliisolutions.com\/index.php\/dm-podcast\/ninos-blanditos-la-generacion-de-ninos-consentidos-que-no-se-levantan-solos-cuando-se-caen-al-suelo\/","title":{"rendered":"Ni\u00f1os Blanditos, la generaci\u00f3n de ni\u00f1os consentidos que no se levantan solos cuando se caen al suelo"},"featured_media":0,"template":"","meta":{"_acf_changed":false},"dm-programa":[11],"class_list":["post-8154","dm-podcast","type-dm-podcast","status-publish","hentry","dm-programa-podcast-radio-valencia-a-vivir-comunitat-valenciana-2295"],"acf":{"url":"https:\/\/sdmedia.playser.cadenaser.com\/mcv\/playser\/multimedia\/20240906\/4128258_082928_audio_128.mp3"},"_links":{"self":[{"href":"https:\/\/serbenidorm.daliisolutions.com\/index.php\/wp-json\/wp\/v2\/dm-podcast\/8154","targetHints":{"allow":["GET"]}}],"collection":[{"href":"https:\/\/serbenidorm.daliisolutions.com\/index.php\/wp-json\/wp\/v2\/dm-podcast"}],"about":[{"href":"https:\/\/serbenidorm.daliisolutions.com\/index.php\/wp-json\/wp\/v2\/types\/dm-podcast"}],"wp:attachment":[{"href":"https:\/\/serbenidorm.daliisolutions.com\/index.php\/wp-json\/wp\/v2\/media?parent=8154"}],"wp:term":[{"taxonomy":"dm-programa","embeddable":true,"href":"https:\/\/serbenidorm.daliisolutions.com\/index.php\/wp-json\/wp\/v2\/dm-programa?post=8154"}],"curies":[{"name":"wp","href":"https:\/\/api.w.org\/{rel}","templated":true}]}}

Niños Blanditos, la generación de niños consentidos que no se levantan solos cuando se caen al suelo
