{"id":8157,"date":"2024-09-08T14:35:14","date_gmt":"2024-09-08T12:35:14","guid":{"rendered":"https:\/\/serbenidorm.daliisolutions.com\/index.php\/dm-podcast\/antonio-gutierrez-jefe-de-la-seccion-de-neurologia-del-hospital-la-fe-de-valencia-explica-en-que-consiste-el-tratamiento-de-tumores-cerebrales-malignos-con-tecnologia-laser\/"},"modified":"2024-09-08T14:35:14","modified_gmt":"2024-09-08T12:35:14","slug":"antonio-gutierrez-jefe-de-la-seccion-de-neurologia-del-hospital-la-fe-de-valencia-explica-en-que-consiste-el-tratamiento-de-tumores-cerebrales-malignos-con-tecnologia-laser","status":"publish","type":"dm-podcast","link":"https:\/\/serbenidorm.daliisolutions.com\/index.php\/dm-podcast\/antonio-gutierrez-jefe-de-la-seccion-de-neurologia-del-hospital-la-fe-de-valencia-explica-en-que-consiste-el-tratamiento-de-tumores-cerebrales-malignos-con-tecnologia-laser\/","title":{"rendered":"Antonio Guti\u00e9rrez, jefe de la secci\u00f3n de Neurolog\u00eda del Hospital La Fe de Valencia, explica en qu\u00e9 consiste el tratamiento de tumores cerebrales malignos con tecnolog\u00eda l\u00e1ser"},"featured_media":0,"template":"","meta":{"_acf_changed":false},"dm-programa":[7],"class_list":["post-8157","dm-podcast","type-dm-podcast","status-publish","hentry","dm-programa-podcast-radio-valencia-hora-14-comunitat-valenciana-2298"],"acf":{"url":"https:\/\/sdmedia.playser.cadenaser.com\/mcv\/playser\/multimedia\/20240908\/4130107_083900_audio_128.mp3"},"_links":{"self":[{"href":"https:\/\/serbenidorm.daliisolutions.com\/index.php\/wp-json\/wp\/v2\/dm-podcast\/8157","targetHints":{"allow":["GET"]}}],"collection":[{"href":"https:\/\/serbenidorm.daliisolutions.com\/index.php\/wp-json\/wp\/v2\/dm-podcast"}],"about":[{"href":"https:\/\/serbenidorm.daliisolutions.com\/index.php\/wp-json\/wp\/v2\/types\/dm-podcast"}],"wp:attachment":[{"href":"https:\/\/serbenidorm.daliisolutions.com\/index.php\/wp-json\/wp\/v2\/media?parent=8157"}],"wp:term":[{"taxonomy":"dm-programa","embeddable":true,"href":"https:\/\/serbenidorm.daliisolutions.com\/index.php\/wp-json\/wp\/v2\/dm-programa?post=8157"}],"curies":[{"name":"wp","href":"https:\/\/api.w.org\/{rel}","templated":true}]}}

Antonio Gutiérrez, jefe de la sección de Neurología del Hospital La Fe de Valencia, explica en qué consiste el tratamiento de tumores cerebrales malignos con tecnología láser
