{"id":8160,"date":"2024-09-08T14:35:14","date_gmt":"2024-09-08T12:35:14","guid":{"rendered":""},"modified":"2024-09-08T14:35:14","modified_gmt":"2024-09-08T12:35:14","slug":"emilio-argueso-secretario-autonomico-de-emergencias-avanza-en-la-ser-que-la-generalitat-valenciana-convocara-una-mesa-tecnica-para-preparar-el-nuevo-decreto-de-bous-al-carrer-antes-de-que-termine-se","status":"publish","type":"dm-podcast","link":"https:\/\/serbenidorm.daliisolutions.com\/index.php\/dm-podcast\/emilio-argueso-secretario-autonomico-de-emergencias-avanza-en-la-ser-que-la-generalitat-valenciana-convocara-una-mesa-tecnica-para-preparar-el-nuevo-decreto-de-bous-al-carrer-antes-de-que-termine-se\/","title":{"rendered":"Emilio Arg\u00fceso, secretario auton\u00f3mico de Emergencias, avanza en la SER que la Generalitat Valenciana convocar\u00e1 una mesa t\u00e9cnica para preparar el nuevo decreto de Bous al Carrer antes de que termine septiembre"},"featured_media":0,"template":"","meta":{"_acf_changed":false},"dm-programa":[7],"class_list":["post-8160","dm-podcast","type-dm-podcast","status-publish","hentry","dm-programa-podcast-radio-valencia-hora-14-comunitat-valenciana-2298"],"acf":{"url":"https:\/\/sdmedia.playser.cadenaser.com\/mcv\/playser\/multimedia\/20240908\/4130146_103011_audio_128.mp3"},"_links":{"self":[{"href":"https:\/\/serbenidorm.daliisolutions.com\/index.php\/wp-json\/wp\/v2\/dm-podcast\/8160","targetHints":{"allow":["GET"]}}],"collection":[{"href":"https:\/\/serbenidorm.daliisolutions.com\/index.php\/wp-json\/wp\/v2\/dm-podcast"}],"about":[{"href":"https:\/\/serbenidorm.daliisolutions.com\/index.php\/wp-json\/wp\/v2\/types\/dm-podcast"}],"wp:attachment":[{"href":"https:\/\/serbenidorm.daliisolutions.com\/index.php\/wp-json\/wp\/v2\/media?parent=8160"}],"wp:term":[{"taxonomy":"dm-programa","embeddable":true,"href":"https:\/\/serbenidorm.daliisolutions.com\/index.php\/wp-json\/wp\/v2\/dm-programa?post=8160"}],"curies":[{"name":"wp","href":"https:\/\/api.w.org\/{rel}","templated":true}]}}

Emilio Argüeso, secretario autonómico de Emergencias, avanza en la SER que la Generalitat Valenciana convocará una mesa técnica para preparar el nuevo decreto de Bous al Carrer antes de que termine septiembre
