{"id":8161,"date":"2024-09-08T14:35:14","date_gmt":"2024-09-08T12:35:14","guid":{"rendered":""},"modified":"2024-09-08T14:35:14","modified_gmt":"2024-09-08T12:35:14","slug":"emilio-argueso-secretario-autonomico-de-emergencias-apuesta-por-dotar-de-mas-herramientas-a-las-autoridades-locales-y-penas-taurinas-para-reducir-el-numero-de-accidentes-por-personas-ebrias-o-menore","status":"publish","type":"dm-podcast","link":"https:\/\/serbenidorm.daliisolutions.com\/index.php\/dm-podcast\/emilio-argueso-secretario-autonomico-de-emergencias-apuesta-por-dotar-de-mas-herramientas-a-las-autoridades-locales-y-penas-taurinas-para-reducir-el-numero-de-accidentes-por-personas-ebrias-o-menore\/","title":{"rendered":"Emilio Arg\u00fceso, secretario auton\u00f3mico de Emergencias, apuesta por dotar de m\u00e1s herramientas a las autoridades locales y pe\u00f1as taurinas para reducir el n\u00famero de accidentes por personas ebrias o menores en espect\u00e1culos taurinos"},"featured_media":0,"template":"","meta":{"_acf_changed":false},"dm-programa":[7],"class_list":["post-8161","dm-podcast","type-dm-podcast","status-publish","hentry","dm-programa-podcast-radio-valencia-hora-14-comunitat-valenciana-2298"],"acf":{"url":"https:\/\/sdmedia.playser.cadenaser.com\/mcv\/playser\/multimedia\/20240908\/4130148_103115_audio_128.mp3"},"_links":{"self":[{"href":"https:\/\/serbenidorm.daliisolutions.com\/index.php\/wp-json\/wp\/v2\/dm-podcast\/8161","targetHints":{"allow":["GET"]}}],"collection":[{"href":"https:\/\/serbenidorm.daliisolutions.com\/index.php\/wp-json\/wp\/v2\/dm-podcast"}],"about":[{"href":"https:\/\/serbenidorm.daliisolutions.com\/index.php\/wp-json\/wp\/v2\/types\/dm-podcast"}],"wp:attachment":[{"href":"https:\/\/serbenidorm.daliisolutions.com\/index.php\/wp-json\/wp\/v2\/media?parent=8161"}],"wp:term":[{"taxonomy":"dm-programa","embeddable":true,"href":"https:\/\/serbenidorm.daliisolutions.com\/index.php\/wp-json\/wp\/v2\/dm-programa?post=8161"}],"curies":[{"name":"wp","href":"https:\/\/api.w.org\/{rel}","templated":true}]}}

Emilio Argüeso, secretario autonómico de Emergencias, apuesta por dotar de más herramientas a las autoridades locales y peñas taurinas para reducir el número de accidentes por personas ebrias o menores en espectáculos taurinos
