{"id":8185,"date":"2024-09-10T07:08:25","date_gmt":"2024-09-10T05:08:25","guid":{"rendered":"https:\/\/serbenidorm.daliisolutions.com\/index.php\/dm-podcast\/ramon-orquin-director-del-ies-larabi-de-lalfas-sobre-la-falta-de-personal-en-el-centro\/"},"modified":"2024-09-10T07:08:25","modified_gmt":"2024-09-10T05:08:25","slug":"ramon-orquin-director-del-ies-larabi-de-lalfas-sobre-la-falta-de-personal-en-el-centro","status":"publish","type":"dm-podcast","link":"https:\/\/serbenidorm.daliisolutions.com\/index.php\/dm-podcast\/ramon-orquin-director-del-ies-larabi-de-lalfas-sobre-la-falta-de-personal-en-el-centro\/","title":{"rendered":"Ram\u00f3n Orqu\u00edn, director del IES L&#8217;Arab\u00ed de l&#8217;Alf\u00e0s, sobre la falta de personal en el centro"},"featured_media":0,"template":"","meta":{"_acf_changed":false},"dm-programa":[9],"class_list":["post-8185","dm-podcast","type-dm-podcast","status-publish","hentry","dm-programa-podcast-radio-benidorm-hora-14-benidorm-2993"],"acf":{"url":"https:\/\/sdmedia.playser.cadenaser.com\/mcv\/playser\/multimedia\/20240909\/4131206_124104_audio_128.mp3"},"_links":{"self":[{"href":"https:\/\/serbenidorm.daliisolutions.com\/index.php\/wp-json\/wp\/v2\/dm-podcast\/8185","targetHints":{"allow":["GET"]}}],"collection":[{"href":"https:\/\/serbenidorm.daliisolutions.com\/index.php\/wp-json\/wp\/v2\/dm-podcast"}],"about":[{"href":"https:\/\/serbenidorm.daliisolutions.com\/index.php\/wp-json\/wp\/v2\/types\/dm-podcast"}],"wp:attachment":[{"href":"https:\/\/serbenidorm.daliisolutions.com\/index.php\/wp-json\/wp\/v2\/media?parent=8185"}],"wp:term":[{"taxonomy":"dm-programa","embeddable":true,"href":"https:\/\/serbenidorm.daliisolutions.com\/index.php\/wp-json\/wp\/v2\/dm-programa?post=8185"}],"curies":[{"name":"wp","href":"https:\/\/api.w.org\/{rel}","templated":true}]}}

Ramón Orquín, director del IES L&#8217;Arabí de l&#8217;Alfàs, sobre la falta de personal en el centro
