{"id":8217,"date":"2024-09-10T16:32:16","date_gmt":"2024-09-10T14:32:16","guid":{"rendered":"https:\/\/serbenidorm.daliisolutions.com\/index.php\/dm-podcast\/carlos-mazon-president-de-la-generalitat-despues-de-nuestro-primer-presupuesto-la-comunitat-valenciana-es-la-autonomia-con-mas-desgravaciones-fiscales-de-espana-para-rentas-medias-y-bajas\/"},"modified":"2024-09-10T16:32:16","modified_gmt":"2024-09-10T14:32:16","slug":"carlos-mazon-president-de-la-generalitat-despues-de-nuestro-primer-presupuesto-la-comunitat-valenciana-es-la-autonomia-con-mas-desgravaciones-fiscales-de-espana-para-rentas-medias-y-bajas","status":"publish","type":"dm-podcast","link":"https:\/\/serbenidorm.daliisolutions.com\/index.php\/dm-podcast\/carlos-mazon-president-de-la-generalitat-despues-de-nuestro-primer-presupuesto-la-comunitat-valenciana-es-la-autonomia-con-mas-desgravaciones-fiscales-de-espana-para-rentas-medias-y-bajas\/","title":{"rendered":"Carlos Maz\u00f3n (president de la Generalitat): \u00abDespu\u00e9s de nuestro primer presupuesto, la Comunitat Valenciana es la autonom\u00eda con m\u00e1s desgravaciones fiscales de Espa\u00f1a para rentas medias y bajas\u00bb"},"featured_media":0,"template":"","meta":{"_acf_changed":false},"dm-programa":[7],"class_list":["post-8217","dm-podcast","type-dm-podcast","status-publish","hentry","dm-programa-podcast-radio-valencia-hora-14-comunitat-valenciana-2298"],"acf":{"url":"https:\/\/sdmedia.playser.cadenaser.com\/mcv\/playser\/multimedia\/20240910\/4132616_102908_audio_128.mp3"},"_links":{"self":[{"href":"https:\/\/serbenidorm.daliisolutions.com\/index.php\/wp-json\/wp\/v2\/dm-podcast\/8217","targetHints":{"allow":["GET"]}}],"collection":[{"href":"https:\/\/serbenidorm.daliisolutions.com\/index.php\/wp-json\/wp\/v2\/dm-podcast"}],"about":[{"href":"https:\/\/serbenidorm.daliisolutions.com\/index.php\/wp-json\/wp\/v2\/types\/dm-podcast"}],"wp:attachment":[{"href":"https:\/\/serbenidorm.daliisolutions.com\/index.php\/wp-json\/wp\/v2\/media?parent=8217"}],"wp:term":[{"taxonomy":"dm-programa","embeddable":true,"href":"https:\/\/serbenidorm.daliisolutions.com\/index.php\/wp-json\/wp\/v2\/dm-programa?post=8217"}],"curies":[{"name":"wp","href":"https:\/\/api.w.org\/{rel}","templated":true}]}}

Carlos Mazón (president de la Generalitat): «Después de nuestro primer presupuesto, la Comunitat Valenciana es la autonomía con más desgravaciones fiscales de España para rentas medias y bajas»
