{"id":8222,"date":"2024-09-10T16:32:16","date_gmt":"2024-09-10T14:32:16","guid":{"rendered":"https:\/\/serbenidorm.daliisolutions.com\/index.php\/dm-podcast\/maria-jose-broseta-presidenta-de-la-federacion-de-asociaciones-de-vecinos-de-valencia-alerta-sobre-los-bulos-que-vinculan-inmigracion-con-delincuencia\/"},"modified":"2024-09-10T16:32:16","modified_gmt":"2024-09-10T14:32:16","slug":"maria-jose-broseta-presidenta-de-la-federacion-de-asociaciones-de-vecinos-de-valencia-alerta-sobre-los-bulos-que-vinculan-inmigracion-con-delincuencia","status":"publish","type":"dm-podcast","link":"https:\/\/serbenidorm.daliisolutions.com\/index.php\/dm-podcast\/maria-jose-broseta-presidenta-de-la-federacion-de-asociaciones-de-vecinos-de-valencia-alerta-sobre-los-bulos-que-vinculan-inmigracion-con-delincuencia\/","title":{"rendered":"Mar\u00eda Jos\u00e9 Broseta (presidenta de la Federaci\u00f3n de Asociaciones de Vecinos de Val\u00e8ncia) alerta sobre los bulos que vinculan inmigraci\u00f3n con delincuencia"},"featured_media":0,"template":"","meta":{"_acf_changed":false},"dm-programa":[7],"class_list":["post-8222","dm-podcast","type-dm-podcast","status-publish","hentry","dm-programa-podcast-radio-valencia-hora-14-comunitat-valenciana-2298"],"acf":{"url":"https:\/\/sdmedia.playser.cadenaser.com\/mcv\/playser\/multimedia\/20240910\/4132868_123413_audio_128.mp3"},"_links":{"self":[{"href":"https:\/\/serbenidorm.daliisolutions.com\/index.php\/wp-json\/wp\/v2\/dm-podcast\/8222","targetHints":{"allow":["GET"]}}],"collection":[{"href":"https:\/\/serbenidorm.daliisolutions.com\/index.php\/wp-json\/wp\/v2\/dm-podcast"}],"about":[{"href":"https:\/\/serbenidorm.daliisolutions.com\/index.php\/wp-json\/wp\/v2\/types\/dm-podcast"}],"wp:attachment":[{"href":"https:\/\/serbenidorm.daliisolutions.com\/index.php\/wp-json\/wp\/v2\/media?parent=8222"}],"wp:term":[{"taxonomy":"dm-programa","embeddable":true,"href":"https:\/\/serbenidorm.daliisolutions.com\/index.php\/wp-json\/wp\/v2\/dm-programa?post=8222"}],"curies":[{"name":"wp","href":"https:\/\/api.w.org\/{rel}","templated":true}]}}

María José Broseta (presidenta de la Federación de Asociaciones de Vecinos de València) alerta sobre los bulos que vinculan inmigración con delincuencia
