{"id":8225,"date":"2024-09-10T16:32:16","date_gmt":"2024-09-10T14:32:16","guid":{"rendered":"https:\/\/serbenidorm.daliisolutions.com\/index.php\/dm-podcast\/elisa-valia-concejala-del-pspv-en-el-ayuntamiento-de-valencia-asegura-que-los-socialistas-estan-recibiendo-una-avalancha-de-denuncias-de-las-asociaciones-vecinales-por-la-falta-de-limpieza\/"},"modified":"2024-09-10T16:32:16","modified_gmt":"2024-09-10T14:32:16","slug":"elisa-valia-concejala-del-pspv-en-el-ayuntamiento-de-valencia-asegura-que-los-socialistas-estan-recibiendo-una-avalancha-de-denuncias-de-las-asociaciones-vecinales-por-la-falta-de-limpieza","status":"publish","type":"dm-podcast","link":"https:\/\/serbenidorm.daliisolutions.com\/index.php\/dm-podcast\/elisa-valia-concejala-del-pspv-en-el-ayuntamiento-de-valencia-asegura-que-los-socialistas-estan-recibiendo-una-avalancha-de-denuncias-de-las-asociaciones-vecinales-por-la-falta-de-limpieza\/","title":{"rendered":"Elisa Val\u00eda (concejala del PSPV en el Ayuntamiento de Val\u00e8ncia) asegura que los socialistas est\u00e1n recibiendo una \u00abavalancha\u00bb de denuncias de las asociaciones vecinales por la falta de limpieza"},"featured_media":0,"template":"","meta":{"_acf_changed":false},"dm-programa":[7],"class_list":["post-8225","dm-podcast","type-dm-podcast","status-publish","hentry","dm-programa-podcast-radio-valencia-hora-14-comunitat-valenciana-2298"],"acf":{"url":"https:\/\/sdmedia.playser.cadenaser.com\/mcv\/playser\/multimedia\/20240910\/4133083_130454_audio_128.mp3"},"_links":{"self":[{"href":"https:\/\/serbenidorm.daliisolutions.com\/index.php\/wp-json\/wp\/v2\/dm-podcast\/8225","targetHints":{"allow":["GET"]}}],"collection":[{"href":"https:\/\/serbenidorm.daliisolutions.com\/index.php\/wp-json\/wp\/v2\/dm-podcast"}],"about":[{"href":"https:\/\/serbenidorm.daliisolutions.com\/index.php\/wp-json\/wp\/v2\/types\/dm-podcast"}],"wp:attachment":[{"href":"https:\/\/serbenidorm.daliisolutions.com\/index.php\/wp-json\/wp\/v2\/media?parent=8225"}],"wp:term":[{"taxonomy":"dm-programa","embeddable":true,"href":"https:\/\/serbenidorm.daliisolutions.com\/index.php\/wp-json\/wp\/v2\/dm-programa?post=8225"}],"curies":[{"name":"wp","href":"https:\/\/api.w.org\/{rel}","templated":true}]}}

Elisa Valía (concejala del PSPV en el Ayuntamiento de València) asegura que los socialistas están recibiendo una «avalancha» de denuncias de las asociaciones vecinales por la falta de limpieza
