{"id":8240,"date":"2024-09-10T19:25:05","date_gmt":"2024-09-10T17:25:05","guid":{"rendered":"https:\/\/serbenidorm.daliisolutions.com\/index.php\/dm-podcast\/ismael-saez-de-ugtpv-sobre-el-acuerdo-en-financiacion-autonomica\/"},"modified":"2024-09-10T19:25:05","modified_gmt":"2024-09-10T17:25:05","slug":"ismael-saez-de-ugtpv-sobre-el-acuerdo-en-financiacion-autonomica","status":"publish","type":"dm-podcast","link":"https:\/\/serbenidorm.daliisolutions.com\/index.php\/dm-podcast\/ismael-saez-de-ugtpv-sobre-el-acuerdo-en-financiacion-autonomica\/","title":{"rendered":"Ismael Sa\u00e9z, de UGTPV, sobre el acuerdo en financiaci\u00f3n auton\u00f3mica"},"featured_media":0,"template":"","meta":{"_acf_changed":false},"dm-programa":[7],"class_list":["post-8240","dm-podcast","type-dm-podcast","status-publish","hentry","dm-programa-podcast-radio-valencia-hora-14-comunitat-valenciana-2298"],"acf":{"url":"https:\/\/sdmedia.playser.cadenaser.com\/mcv\/playser\/multimedia\/20240910\/4133175_135503_audio_128.mp3"},"_links":{"self":[{"href":"https:\/\/serbenidorm.daliisolutions.com\/index.php\/wp-json\/wp\/v2\/dm-podcast\/8240","targetHints":{"allow":["GET"]}}],"collection":[{"href":"https:\/\/serbenidorm.daliisolutions.com\/index.php\/wp-json\/wp\/v2\/dm-podcast"}],"about":[{"href":"https:\/\/serbenidorm.daliisolutions.com\/index.php\/wp-json\/wp\/v2\/types\/dm-podcast"}],"wp:attachment":[{"href":"https:\/\/serbenidorm.daliisolutions.com\/index.php\/wp-json\/wp\/v2\/media?parent=8240"}],"wp:term":[{"taxonomy":"dm-programa","embeddable":true,"href":"https:\/\/serbenidorm.daliisolutions.com\/index.php\/wp-json\/wp\/v2\/dm-programa?post=8240"}],"curies":[{"name":"wp","href":"https:\/\/api.w.org\/{rel}","templated":true}]}}

Ismael Saéz, de UGTPV, sobre el acuerdo en financiación autonómica
