{"id":8303,"date":"2024-09-12T15:19:02","date_gmt":"2024-09-12T13:19:02","guid":{"rendered":""},"modified":"2024-09-12T15:19:02","modified_gmt":"2024-09-12T13:19:02","slug":"vicente-martinez-mus-conseller-de-medio-ambiente-hay-que-armonizar-la-conservacion-de-la-diversidad-biologica-y-cultural-y-el-desarrollo-economico-y-social-a-traves-de-la-relacion-de-las-personas","status":"publish","type":"dm-podcast","link":"https:\/\/serbenidorm.daliisolutions.com\/index.php\/dm-podcast\/vicente-martinez-mus-conseller-de-medio-ambiente-hay-que-armonizar-la-conservacion-de-la-diversidad-biologica-y-cultural-y-el-desarrollo-economico-y-social-a-traves-de-la-relacion-de-las-personas\/","title":{"rendered":"Vicente Mart\u00ednez Mus (conseller de Medio Ambiente): \u00abHay que armonizar la conservaci\u00f3n de la diversidad biol\u00f3gica y cultural y el desarrollo econ\u00f3mico y social a trav\u00e9s de la relaci\u00f3n de las personas con la naturaleza\u00bb"},"featured_media":0,"template":"","meta":{"_acf_changed":false},"dm-programa":[7],"class_list":["post-8303","dm-podcast","type-dm-podcast","status-publish","hentry","dm-programa-podcast-radio-valencia-hora-14-comunitat-valenciana-2298"],"acf":{"url":"https:\/\/sdmedia.playser.cadenaser.com\/mcv\/playser\/multimedia\/20240912\/4136134_111113_audio_128.mp3"},"_links":{"self":[{"href":"https:\/\/serbenidorm.daliisolutions.com\/index.php\/wp-json\/wp\/v2\/dm-podcast\/8303","targetHints":{"allow":["GET"]}}],"collection":[{"href":"https:\/\/serbenidorm.daliisolutions.com\/index.php\/wp-json\/wp\/v2\/dm-podcast"}],"about":[{"href":"https:\/\/serbenidorm.daliisolutions.com\/index.php\/wp-json\/wp\/v2\/types\/dm-podcast"}],"wp:attachment":[{"href":"https:\/\/serbenidorm.daliisolutions.com\/index.php\/wp-json\/wp\/v2\/media?parent=8303"}],"wp:term":[{"taxonomy":"dm-programa","embeddable":true,"href":"https:\/\/serbenidorm.daliisolutions.com\/index.php\/wp-json\/wp\/v2\/dm-programa?post=8303"}],"curies":[{"name":"wp","href":"https:\/\/api.w.org\/{rel}","templated":true}]}}

Vicente Martínez Mus (conseller de Medio Ambiente): «Hay que armonizar la conservación de la diversidad biológica y cultural y el desarrollo económico y social a través de la relación de las personas con la naturaleza»
