{"id":8305,"date":"2024-09-12T15:19:02","date_gmt":"2024-09-12T13:19:02","guid":{"rendered":"https:\/\/serbenidorm.daliisolutions.com\/index.php\/dm-podcast\/la-inflacion-se-situa-en-el-22-en-la-comunitat-valenciana-una-decima-por-debajo-de-la-media-nacional\/"},"modified":"2024-09-12T15:19:02","modified_gmt":"2024-09-12T13:19:02","slug":"la-inflacion-se-situa-en-el-22-en-la-comunitat-valenciana-una-decima-por-debajo-de-la-media-nacional","status":"publish","type":"dm-podcast","link":"https:\/\/serbenidorm.daliisolutions.com\/index.php\/dm-podcast\/la-inflacion-se-situa-en-el-22-en-la-comunitat-valenciana-una-decima-por-debajo-de-la-media-nacional\/","title":{"rendered":"La inflaci\u00f3n se sit\u00faa en el 2,2% en la Comunitat Valenciana, una d\u00e9cima por debajo de la media nacional"},"featured_media":0,"template":"","meta":{"_acf_changed":false},"dm-programa":[7],"class_list":["post-8305","dm-podcast","type-dm-podcast","status-publish","hentry","dm-programa-podcast-radio-valencia-hora-14-comunitat-valenciana-2298"],"acf":{"url":"https:\/\/sdmedia.playser.cadenaser.com\/mcv\/playser\/multimedia\/20240912\/4136272_121422_audio_128.mp3"},"_links":{"self":[{"href":"https:\/\/serbenidorm.daliisolutions.com\/index.php\/wp-json\/wp\/v2\/dm-podcast\/8305","targetHints":{"allow":["GET"]}}],"collection":[{"href":"https:\/\/serbenidorm.daliisolutions.com\/index.php\/wp-json\/wp\/v2\/dm-podcast"}],"about":[{"href":"https:\/\/serbenidorm.daliisolutions.com\/index.php\/wp-json\/wp\/v2\/types\/dm-podcast"}],"wp:attachment":[{"href":"https:\/\/serbenidorm.daliisolutions.com\/index.php\/wp-json\/wp\/v2\/media?parent=8305"}],"wp:term":[{"taxonomy":"dm-programa","embeddable":true,"href":"https:\/\/serbenidorm.daliisolutions.com\/index.php\/wp-json\/wp\/v2\/dm-programa?post=8305"}],"curies":[{"name":"wp","href":"https:\/\/api.w.org\/{rel}","templated":true}]}}

La inflación se sitúa en el 2,2% en la Comunitat Valenciana, una décima por debajo de la media nacional
