{"id":8306,"date":"2024-09-12T15:19:02","date_gmt":"2024-09-12T13:19:02","guid":{"rendered":"https:\/\/serbenidorm.daliisolutions.com\/index.php\/dm-podcast\/antonio-herrero-vicesecretario-del-colegio-de-economistas-de-valencia-afirma-que-los-precios-han-bajado-menos-de-lo-que-se-habia-previsto-y-lo-han-hecho-en-aquellos-productos-que-estan-regulados\/"},"modified":"2024-09-12T15:19:02","modified_gmt":"2024-09-12T13:19:02","slug":"antonio-herrero-vicesecretario-del-colegio-de-economistas-de-valencia-afirma-que-los-precios-han-bajado-menos-de-lo-que-se-habia-previsto-y-lo-han-hecho-en-aquellos-productos-que-estan-regulados","status":"publish","type":"dm-podcast","link":"https:\/\/serbenidorm.daliisolutions.com\/index.php\/dm-podcast\/antonio-herrero-vicesecretario-del-colegio-de-economistas-de-valencia-afirma-que-los-precios-han-bajado-menos-de-lo-que-se-habia-previsto-y-lo-han-hecho-en-aquellos-productos-que-estan-regulados\/","title":{"rendered":"Antonio Herrero (vicesecretario del Colegio de Economistas de Val\u00e8ncia) afirma que los precios han bajado menos de lo que se hab\u00eda previsto y lo han hecho en aquellos productos que est\u00e1n regulados"},"featured_media":0,"template":"","meta":{"_acf_changed":false},"dm-programa":[7],"class_list":["post-8306","dm-podcast","type-dm-podcast","status-publish","hentry","dm-programa-podcast-radio-valencia-hora-14-comunitat-valenciana-2298"],"acf":{"url":"https:\/\/sdmedia.playser.cadenaser.com\/mcv\/playser\/multimedia\/20240912\/4136273_121423_audio_128.mp3"},"_links":{"self":[{"href":"https:\/\/serbenidorm.daliisolutions.com\/index.php\/wp-json\/wp\/v2\/dm-podcast\/8306","targetHints":{"allow":["GET"]}}],"collection":[{"href":"https:\/\/serbenidorm.daliisolutions.com\/index.php\/wp-json\/wp\/v2\/dm-podcast"}],"about":[{"href":"https:\/\/serbenidorm.daliisolutions.com\/index.php\/wp-json\/wp\/v2\/types\/dm-podcast"}],"wp:attachment":[{"href":"https:\/\/serbenidorm.daliisolutions.com\/index.php\/wp-json\/wp\/v2\/media?parent=8306"}],"wp:term":[{"taxonomy":"dm-programa","embeddable":true,"href":"https:\/\/serbenidorm.daliisolutions.com\/index.php\/wp-json\/wp\/v2\/dm-programa?post=8306"}],"curies":[{"name":"wp","href":"https:\/\/api.w.org\/{rel}","templated":true}]}}

Antonio Herrero (vicesecretario del Colegio de Economistas de València) afirma que los precios han bajado menos de lo que se había previsto y lo han hecho en aquellos productos que están regulados
