{"id":831,"date":"2023-12-21T16:17:03","date_gmt":"2023-12-21T15:17:03","guid":{"rendered":"https:\/\/serbenidorm.daliisolutions.com\/index.php\/dm-podcast\/pilar-bernabe-delegada-del-gobierno-asegura-que-si-el-corredor-mediterraneo-esta-tan-avanzado-es-gracias-a-los-gobiernos-socialistas\/"},"modified":"2023-12-21T16:17:03","modified_gmt":"2023-12-21T15:17:03","slug":"pilar-bernabe-delegada-del-gobierno-asegura-que-si-el-corredor-mediterraneo-esta-tan-avanzado-es-gracias-a-los-gobiernos-socialistas","status":"publish","type":"dm-podcast","link":"https:\/\/serbenidorm.daliisolutions.com\/index.php\/dm-podcast\/pilar-bernabe-delegada-del-gobierno-asegura-que-si-el-corredor-mediterraneo-esta-tan-avanzado-es-gracias-a-los-gobiernos-socialistas\/","title":{"rendered":"Pilar Bernab\u00e9 (delegada del gobierno) asegura que si el Corredor Mediterr\u00e1neo est\u00e1 tan avanzado es gracias a los gobiernos socialistas"},"featured_media":0,"template":"","meta":{"_acf_changed":false},"dm-programa":[7],"class_list":["post-831","dm-podcast","type-dm-podcast","status-publish","hentry","dm-programa-podcast-radio-valencia-hora-14-comunitat-valenciana-2298"],"acf":{"url":"https:\/\/sdmedia.playser.cadenaser.com\/playser\/multimedia\/202312\/21\/1703159510699_1703159549_audio_128.mp3"},"_links":{"self":[{"href":"https:\/\/serbenidorm.daliisolutions.com\/index.php\/wp-json\/wp\/v2\/dm-podcast\/831","targetHints":{"allow":["GET"]}}],"collection":[{"href":"https:\/\/serbenidorm.daliisolutions.com\/index.php\/wp-json\/wp\/v2\/dm-podcast"}],"about":[{"href":"https:\/\/serbenidorm.daliisolutions.com\/index.php\/wp-json\/wp\/v2\/types\/dm-podcast"}],"wp:attachment":[{"href":"https:\/\/serbenidorm.daliisolutions.com\/index.php\/wp-json\/wp\/v2\/media?parent=831"}],"wp:term":[{"taxonomy":"dm-programa","embeddable":true,"href":"https:\/\/serbenidorm.daliisolutions.com\/index.php\/wp-json\/wp\/v2\/dm-programa?post=831"}],"curies":[{"name":"wp","href":"https:\/\/api.w.org\/{rel}","templated":true}]}}

Pilar Bernabé (delegada del gobierno) asegura que si el Corredor Mediterráneo está tan avanzado es gracias a los gobiernos socialistas
