{"id":8315,"date":"2024-09-12T17:56:40","date_gmt":"2024-09-12T15:56:40","guid":{"rendered":"https:\/\/serbenidorm.daliisolutions.com\/index.php\/dm-podcast\/jose-francisco-sales-director-tecnico-de-ava-destaca-los-problemas-para-encontrar-mano-de-obra-para-la-recoleccion\/"},"modified":"2024-09-12T17:56:40","modified_gmt":"2024-09-12T15:56:40","slug":"jose-francisco-sales-director-tecnico-de-ava-destaca-los-problemas-para-encontrar-mano-de-obra-para-la-recoleccion","status":"publish","type":"dm-podcast","link":"https:\/\/serbenidorm.daliisolutions.com\/index.php\/dm-podcast\/jose-francisco-sales-director-tecnico-de-ava-destaca-los-problemas-para-encontrar-mano-de-obra-para-la-recoleccion\/","title":{"rendered":"Jos\u00e9 Francisco Sales (director t\u00e9cnico de AVA) destaca los problemas para encontrar mano de obra para la recolecci\u00f3n"},"featured_media":0,"template":"","meta":{"_acf_changed":false},"dm-programa":[7],"class_list":["post-8315","dm-podcast","type-dm-podcast","status-publish","hentry","dm-programa-podcast-radio-valencia-hora-14-comunitat-valenciana-2298"],"acf":{"url":"https:\/\/sdmedia.playser.cadenaser.com\/mcv\/playser\/multimedia\/20240912\/4136356_123751_audio_128.mp3"},"_links":{"self":[{"href":"https:\/\/serbenidorm.daliisolutions.com\/index.php\/wp-json\/wp\/v2\/dm-podcast\/8315","targetHints":{"allow":["GET"]}}],"collection":[{"href":"https:\/\/serbenidorm.daliisolutions.com\/index.php\/wp-json\/wp\/v2\/dm-podcast"}],"about":[{"href":"https:\/\/serbenidorm.daliisolutions.com\/index.php\/wp-json\/wp\/v2\/types\/dm-podcast"}],"wp:attachment":[{"href":"https:\/\/serbenidorm.daliisolutions.com\/index.php\/wp-json\/wp\/v2\/media?parent=8315"}],"wp:term":[{"taxonomy":"dm-programa","embeddable":true,"href":"https:\/\/serbenidorm.daliisolutions.com\/index.php\/wp-json\/wp\/v2\/dm-programa?post=8315"}],"curies":[{"name":"wp","href":"https:\/\/api.w.org\/{rel}","templated":true}]}}

José Francisco Sales (director técnico de AVA) destaca los problemas para encontrar mano de obra para la recolección
