{"id":8318,"date":"2024-09-12T20:17:42","date_gmt":"2024-09-12T18:17:42","guid":{"rendered":"https:\/\/serbenidorm.daliisolutions.com\/index.php\/dm-podcast\/entrevista-a-jose-monzonis-vicepresidente-ejecutivo-de-la-federacion-habitat-de-espana-en-la-ventana-comunitat-valenciana-12-09-2024\/"},"modified":"2024-09-12T20:17:42","modified_gmt":"2024-09-12T18:17:42","slug":"entrevista-a-jose-monzonis-vicepresidente-ejecutivo-de-la-federacion-habitat-de-espana-en-la-ventana-comunitat-valenciana-12-09-2024","status":"publish","type":"dm-podcast","link":"https:\/\/serbenidorm.daliisolutions.com\/index.php\/dm-podcast\/entrevista-a-jose-monzonis-vicepresidente-ejecutivo-de-la-federacion-habitat-de-espana-en-la-ventana-comunitat-valenciana-12-09-2024\/","title":{"rendered":"Entrevista a Jos\u00e9 Monzon\u00eds, vicepresidente ejecutivo de la Federaci\u00f3n H\u00e1bitat de Espa\u00f1a en La Ventana Comunitat Valenciana (12\/09\/2024)"},"featured_media":0,"template":"","meta":{"_acf_changed":false},"dm-programa":[6],"class_list":["post-8318","dm-podcast","type-dm-podcast","status-publish","hentry","dm-programa-podcast-radio-valencia-la-ventana-comunitat-valenciana-2292"],"acf":{"url":"https:\/\/sdmedia.playser.cadenaser.com\/mcv\/playser\/multimedia\/20240912\/4136730_143033_audio_128.mp3"},"_links":{"self":[{"href":"https:\/\/serbenidorm.daliisolutions.com\/index.php\/wp-json\/wp\/v2\/dm-podcast\/8318","targetHints":{"allow":["GET"]}}],"collection":[{"href":"https:\/\/serbenidorm.daliisolutions.com\/index.php\/wp-json\/wp\/v2\/dm-podcast"}],"about":[{"href":"https:\/\/serbenidorm.daliisolutions.com\/index.php\/wp-json\/wp\/v2\/types\/dm-podcast"}],"wp:attachment":[{"href":"https:\/\/serbenidorm.daliisolutions.com\/index.php\/wp-json\/wp\/v2\/media?parent=8318"}],"wp:term":[{"taxonomy":"dm-programa","embeddable":true,"href":"https:\/\/serbenidorm.daliisolutions.com\/index.php\/wp-json\/wp\/v2\/dm-programa?post=8318"}],"curies":[{"name":"wp","href":"https:\/\/api.w.org\/{rel}","templated":true}]}}

Entrevista a José Monzonís, vicepresidente ejecutivo de la Federación Hábitat de España en La Ventana Comunitat Valenciana (12/09/2024)
