{"id":8340,"date":"2024-09-13T16:24:33","date_gmt":"2024-09-13T14:24:33","guid":{"rendered":"https:\/\/serbenidorm.daliisolutions.com\/index.php\/dm-podcast\/mari-carmen-contelles-portavoz-de-economia-del-pp-en-les-corts-siempre-vamos-a-defender-los-intereses-de-los-valencianos-porque-esta-en-juego-la-sanidad-la-educacion-publica-y-los-servicios-soci\/"},"modified":"2024-09-13T16:24:33","modified_gmt":"2024-09-13T14:24:33","slug":"mari-carmen-contelles-portavoz-de-economia-del-pp-en-les-corts-siempre-vamos-a-defender-los-intereses-de-los-valencianos-porque-esta-en-juego-la-sanidad-la-educacion-publica-y-los-servicios-soci","status":"publish","type":"dm-podcast","link":"https:\/\/serbenidorm.daliisolutions.com\/index.php\/dm-podcast\/mari-carmen-contelles-portavoz-de-economia-del-pp-en-les-corts-siempre-vamos-a-defender-los-intereses-de-los-valencianos-porque-esta-en-juego-la-sanidad-la-educacion-publica-y-los-servicios-soci\/","title":{"rendered":"Mari Carmen Contelles (portavoz de Econom\u00eda del PP en Les Corts): \u00abSiempre vamos a defender los intereses de los valencianos porque est\u00e1 en juego la sanidad, la educaci\u00f3n p\u00fablica y los servicios sociales de alicantinos, valencianos y castellonenses\u00bb"},"featured_media":0,"template":"","meta":{"_acf_changed":false},"dm-programa":[7],"class_list":["post-8340","dm-podcast","type-dm-podcast","status-publish","hentry","dm-programa-podcast-radio-valencia-hora-14-comunitat-valenciana-2298"],"acf":{"url":"https:\/\/sdmedia.playser.cadenaser.com\/mcv\/playser\/multimedia\/20240913\/4137805_102111_audio_128.mp3"},"_links":{"self":[{"href":"https:\/\/serbenidorm.daliisolutions.com\/index.php\/wp-json\/wp\/v2\/dm-podcast\/8340","targetHints":{"allow":["GET"]}}],"collection":[{"href":"https:\/\/serbenidorm.daliisolutions.com\/index.php\/wp-json\/wp\/v2\/dm-podcast"}],"about":[{"href":"https:\/\/serbenidorm.daliisolutions.com\/index.php\/wp-json\/wp\/v2\/types\/dm-podcast"}],"wp:attachment":[{"href":"https:\/\/serbenidorm.daliisolutions.com\/index.php\/wp-json\/wp\/v2\/media?parent=8340"}],"wp:term":[{"taxonomy":"dm-programa","embeddable":true,"href":"https:\/\/serbenidorm.daliisolutions.com\/index.php\/wp-json\/wp\/v2\/dm-programa?post=8340"}],"curies":[{"name":"wp","href":"https:\/\/api.w.org\/{rel}","templated":true}]}}

Mari Carmen Contelles (portavoz de Economía del PP en Les Corts): «Siempre vamos a defender los intereses de los valencianos porque está en juego la sanidad, la educación pública y los servicios sociales de alicantinos, valencianos y castellonenses»
