{"id":8341,"date":"2024-09-13T16:24:33","date_gmt":"2024-09-13T14:24:33","guid":{"rendered":"https:\/\/serbenidorm.daliisolutions.com\/index.php\/dm-podcast\/joan-baldovi-sindic-de-compromis-el-pp-y-mazon-han-confirmado-que-renuncian-a-defender-los-intereses-valencianos\/"},"modified":"2024-09-13T16:24:33","modified_gmt":"2024-09-13T14:24:33","slug":"joan-baldovi-sindic-de-compromis-el-pp-y-mazon-han-confirmado-que-renuncian-a-defender-los-intereses-valencianos","status":"publish","type":"dm-podcast","link":"https:\/\/serbenidorm.daliisolutions.com\/index.php\/dm-podcast\/joan-baldovi-sindic-de-compromis-el-pp-y-mazon-han-confirmado-que-renuncian-a-defender-los-intereses-valencianos\/","title":{"rendered":"Joan Baldov\u00ed (s\u00edndic de Comprom\u00eds): \u00abEl PP y Maz\u00f3n han confirmado que renuncian a defender los intereses valencianos\u00bb"},"featured_media":0,"template":"","meta":{"_acf_changed":false},"dm-programa":[7],"class_list":["post-8341","dm-podcast","type-dm-podcast","status-publish","hentry","dm-programa-podcast-radio-valencia-hora-14-comunitat-valenciana-2298"],"acf":{"url":"https:\/\/sdmedia.playser.cadenaser.com\/mcv\/playser\/multimedia\/20240913\/4137833_104210_audio_128.mp3"},"_links":{"self":[{"href":"https:\/\/serbenidorm.daliisolutions.com\/index.php\/wp-json\/wp\/v2\/dm-podcast\/8341","targetHints":{"allow":["GET"]}}],"collection":[{"href":"https:\/\/serbenidorm.daliisolutions.com\/index.php\/wp-json\/wp\/v2\/dm-podcast"}],"about":[{"href":"https:\/\/serbenidorm.daliisolutions.com\/index.php\/wp-json\/wp\/v2\/types\/dm-podcast"}],"wp:attachment":[{"href":"https:\/\/serbenidorm.daliisolutions.com\/index.php\/wp-json\/wp\/v2\/media?parent=8341"}],"wp:term":[{"taxonomy":"dm-programa","embeddable":true,"href":"https:\/\/serbenidorm.daliisolutions.com\/index.php\/wp-json\/wp\/v2\/dm-programa?post=8341"}],"curies":[{"name":"wp","href":"https:\/\/api.w.org\/{rel}","templated":true}]}}

Joan Baldoví (síndic de Compromís): «El PP y Mazón han confirmado que renuncian a defender los intereses valencianos»
