{"id":8372,"date":"2024-09-14T17:54:33","date_gmt":"2024-09-14T15:54:33","guid":{"rendered":"https:\/\/serbenidorm.daliisolutions.com\/index.php\/dm-podcast\/el-concejal-de-movilidad-de-valencia-jesus-carbonell-detalla-la-programacion-de-la-semana-europea-de-la-movilidad-en-2024\/"},"modified":"2024-09-14T17:54:33","modified_gmt":"2024-09-14T15:54:33","slug":"el-concejal-de-movilidad-de-valencia-jesus-carbonell-detalla-la-programacion-de-la-semana-europea-de-la-movilidad-en-2024","status":"publish","type":"dm-podcast","link":"https:\/\/serbenidorm.daliisolutions.com\/index.php\/dm-podcast\/el-concejal-de-movilidad-de-valencia-jesus-carbonell-detalla-la-programacion-de-la-semana-europea-de-la-movilidad-en-2024\/","title":{"rendered":"El concejal de Movilidad de Val\u00e8ncia, Jes\u00fas Carbonell, detalla la programaci\u00f3n de la Semana Europea de la Movilidad en 2024."},"featured_media":0,"template":"","meta":{"_acf_changed":false},"dm-programa":[7],"class_list":["post-8372","dm-podcast","type-dm-podcast","status-publish","hentry","dm-programa-podcast-radio-valencia-hora-14-comunitat-valenciana-2298"],"acf":{"url":"https:\/\/sdmedia.playser.cadenaser.com\/mcv\/playser\/multimedia\/20240914\/4139208_123418_audio_128.mp3"},"_links":{"self":[{"href":"https:\/\/serbenidorm.daliisolutions.com\/index.php\/wp-json\/wp\/v2\/dm-podcast\/8372","targetHints":{"allow":["GET"]}}],"collection":[{"href":"https:\/\/serbenidorm.daliisolutions.com\/index.php\/wp-json\/wp\/v2\/dm-podcast"}],"about":[{"href":"https:\/\/serbenidorm.daliisolutions.com\/index.php\/wp-json\/wp\/v2\/types\/dm-podcast"}],"wp:attachment":[{"href":"https:\/\/serbenidorm.daliisolutions.com\/index.php\/wp-json\/wp\/v2\/media?parent=8372"}],"wp:term":[{"taxonomy":"dm-programa","embeddable":true,"href":"https:\/\/serbenidorm.daliisolutions.com\/index.php\/wp-json\/wp\/v2\/dm-programa?post=8372"}],"curies":[{"name":"wp","href":"https:\/\/api.w.org\/{rel}","templated":true}]}}

El concejal de Movilidad de València, Jesús Carbonell, detalla la programación de la Semana Europea de la Movilidad en 2024.
