{"id":8373,"date":"2024-09-14T17:54:33","date_gmt":"2024-09-14T15:54:33","guid":{"rendered":"https:\/\/serbenidorm.daliisolutions.com\/index.php\/dm-podcast\/cinco-anos-despues-de-la-peor-gota-fria-en-el-sur-de-la-comunitat-valenciana-recorremos-en-hora-14-las-zonas-mas-afectadas\/"},"modified":"2024-09-14T17:54:33","modified_gmt":"2024-09-14T15:54:33","slug":"cinco-anos-despues-de-la-peor-gota-fria-en-el-sur-de-la-comunitat-valenciana-recorremos-en-hora-14-las-zonas-mas-afectadas","status":"publish","type":"dm-podcast","link":"https:\/\/serbenidorm.daliisolutions.com\/index.php\/dm-podcast\/cinco-anos-despues-de-la-peor-gota-fria-en-el-sur-de-la-comunitat-valenciana-recorremos-en-hora-14-las-zonas-mas-afectadas\/","title":{"rendered":"Cinco a\u00f1os despu\u00e9s de la peor gota fr\u00eda en el sur de la Comunitat Valenciana, recorremos en Hora 14 las zonas m\u00e1s afectadas"},"featured_media":0,"template":"","meta":{"_acf_changed":false},"dm-programa":[7],"class_list":["post-8373","dm-podcast","type-dm-podcast","status-publish","hentry","dm-programa-podcast-radio-valencia-hora-14-comunitat-valenciana-2298"],"acf":{"url":"https:\/\/sdmedia.playser.cadenaser.com\/playser\/audio\/20249\/14\/audio_con_66e583b646af0_17623_cut.mp3"},"_links":{"self":[{"href":"https:\/\/serbenidorm.daliisolutions.com\/index.php\/wp-json\/wp\/v2\/dm-podcast\/8373","targetHints":{"allow":["GET"]}}],"collection":[{"href":"https:\/\/serbenidorm.daliisolutions.com\/index.php\/wp-json\/wp\/v2\/dm-podcast"}],"about":[{"href":"https:\/\/serbenidorm.daliisolutions.com\/index.php\/wp-json\/wp\/v2\/types\/dm-podcast"}],"wp:attachment":[{"href":"https:\/\/serbenidorm.daliisolutions.com\/index.php\/wp-json\/wp\/v2\/media?parent=8373"}],"wp:term":[{"taxonomy":"dm-programa","embeddable":true,"href":"https:\/\/serbenidorm.daliisolutions.com\/index.php\/wp-json\/wp\/v2\/dm-programa?post=8373"}],"curies":[{"name":"wp","href":"https:\/\/api.w.org\/{rel}","templated":true}]}}

Cinco años después de la peor gota fría en el sur de la Comunitat Valenciana, recorremos en Hora 14 las zonas más afectadas
