{"id":8374,"date":"2024-09-15T13:08:31","date_gmt":"2024-09-15T11:08:31","guid":{"rendered":"https:\/\/serbenidorm.daliisolutions.com\/index.php\/dm-podcast\/la-ministra-de-ciencia-y-secretaria-general-del-pspv-diana-morant-critica-las-politicas-migratorias-de-alberto-nunez-feijoo\/"},"modified":"2024-09-15T13:08:31","modified_gmt":"2024-09-15T11:08:31","slug":"la-ministra-de-ciencia-y-secretaria-general-del-pspv-diana-morant-critica-las-politicas-migratorias-de-alberto-nunez-feijoo","status":"publish","type":"dm-podcast","link":"https:\/\/serbenidorm.daliisolutions.com\/index.php\/dm-podcast\/la-ministra-de-ciencia-y-secretaria-general-del-pspv-diana-morant-critica-las-politicas-migratorias-de-alberto-nunez-feijoo\/","title":{"rendered":"La ministra de Ciencia y secretaria general del PSPV, Diana Morant, critica las pol\u00edticas migratorias de Alberto N\u00fa\u00f1ez-Feij\u00f3o."},"featured_media":0,"template":"","meta":{"_acf_changed":false},"dm-programa":[7],"class_list":["post-8374","dm-podcast","type-dm-podcast","status-publish","hentry","dm-programa-podcast-radio-valencia-hora-14-comunitat-valenciana-2298"],"acf":{"url":"https:\/\/sdmedia.playser.cadenaser.com\/mcv\/playser\/multimedia\/20240914\/4139220_125329_audio_128.mp3"},"_links":{"self":[{"href":"https:\/\/serbenidorm.daliisolutions.com\/index.php\/wp-json\/wp\/v2\/dm-podcast\/8374","targetHints":{"allow":["GET"]}}],"collection":[{"href":"https:\/\/serbenidorm.daliisolutions.com\/index.php\/wp-json\/wp\/v2\/dm-podcast"}],"about":[{"href":"https:\/\/serbenidorm.daliisolutions.com\/index.php\/wp-json\/wp\/v2\/types\/dm-podcast"}],"wp:attachment":[{"href":"https:\/\/serbenidorm.daliisolutions.com\/index.php\/wp-json\/wp\/v2\/media?parent=8374"}],"wp:term":[{"taxonomy":"dm-programa","embeddable":true,"href":"https:\/\/serbenidorm.daliisolutions.com\/index.php\/wp-json\/wp\/v2\/dm-programa?post=8374"}],"curies":[{"name":"wp","href":"https:\/\/api.w.org\/{rel}","templated":true}]}}

La ministra de Ciencia y secretaria general del PSPV, Diana Morant, critica las políticas migratorias de Alberto Núñez-Feijóo.
