{"id":8377,"date":"2024-09-15T14:23:54","date_gmt":"2024-09-15T12:23:54","guid":{"rendered":"https:\/\/serbenidorm.daliisolutions.com\/index.php\/dm-podcast\/carlos-fernandez-bielsa-pspv-propone-la-celebracion-de-un-pleno-sobre-el-estado-de-la-provincia-de-valencia-en-la-diputacion\/"},"modified":"2024-09-15T14:23:54","modified_gmt":"2024-09-15T12:23:54","slug":"carlos-fernandez-bielsa-pspv-propone-la-celebracion-de-un-pleno-sobre-el-estado-de-la-provincia-de-valencia-en-la-diputacion","status":"publish","type":"dm-podcast","link":"https:\/\/serbenidorm.daliisolutions.com\/index.php\/dm-podcast\/carlos-fernandez-bielsa-pspv-propone-la-celebracion-de-un-pleno-sobre-el-estado-de-la-provincia-de-valencia-en-la-diputacion\/","title":{"rendered":"Carlos Fern\u00e1ndez Bielsa (PSPV) propone la celebraci\u00f3n de un pleno sobre el estado de la provincia de Valencia en la Diputaci\u00f3n"},"featured_media":0,"template":"","meta":{"_acf_changed":false},"dm-programa":[7],"class_list":["post-8377","dm-podcast","type-dm-podcast","status-publish","hentry","dm-programa-podcast-radio-valencia-hora-14-comunitat-valenciana-2298"],"acf":{"url":"https:\/\/sdmedia.playser.cadenaser.com\/mcv\/playser\/multimedia\/20240915\/4139614_093059_audio_128.mp3"},"_links":{"self":[{"href":"https:\/\/serbenidorm.daliisolutions.com\/index.php\/wp-json\/wp\/v2\/dm-podcast\/8377","targetHints":{"allow":["GET"]}}],"collection":[{"href":"https:\/\/serbenidorm.daliisolutions.com\/index.php\/wp-json\/wp\/v2\/dm-podcast"}],"about":[{"href":"https:\/\/serbenidorm.daliisolutions.com\/index.php\/wp-json\/wp\/v2\/types\/dm-podcast"}],"wp:attachment":[{"href":"https:\/\/serbenidorm.daliisolutions.com\/index.php\/wp-json\/wp\/v2\/media?parent=8377"}],"wp:term":[{"taxonomy":"dm-programa","embeddable":true,"href":"https:\/\/serbenidorm.daliisolutions.com\/index.php\/wp-json\/wp\/v2\/dm-programa?post=8377"}],"curies":[{"name":"wp","href":"https:\/\/api.w.org\/{rel}","templated":true}]}}

Carlos Fernández Bielsa (PSPV) propone la celebración de un pleno sobre el estado de la provincia de Valencia en la Diputación
