{"id":8382,"date":"2024-09-15T14:23:54","date_gmt":"2024-09-15T12:23:54","guid":{"rendered":"https:\/\/serbenidorm.daliisolutions.com\/index.php\/dm-podcast\/chelo-alvarez-presidenta-de-alanna-apuesta-por-la-creacion-de-un-plan-integral-conjunto-que-ofrezca-asesoramiento-y-proteccion-a-las-mujeres-que-consiguen-abandonar-las-redes-que-las-explotan\/"},"modified":"2024-09-15T14:23:54","modified_gmt":"2024-09-15T12:23:54","slug":"chelo-alvarez-presidenta-de-alanna-apuesta-por-la-creacion-de-un-plan-integral-conjunto-que-ofrezca-asesoramiento-y-proteccion-a-las-mujeres-que-consiguen-abandonar-las-redes-que-las-explotan","status":"publish","type":"dm-podcast","link":"https:\/\/serbenidorm.daliisolutions.com\/index.php\/dm-podcast\/chelo-alvarez-presidenta-de-alanna-apuesta-por-la-creacion-de-un-plan-integral-conjunto-que-ofrezca-asesoramiento-y-proteccion-a-las-mujeres-que-consiguen-abandonar-las-redes-que-las-explotan\/","title":{"rendered":"Chelo \u00c1lvarez, presidenta de Alanna, apuesta por la creaci\u00f3n de un plan integral conjunto que ofrezca asesoramiento y protecci\u00f3n a las mujeres que consiguen abandonar las redes que las explotan"},"featured_media":0,"template":"","meta":{"_acf_changed":false},"dm-programa":[7],"class_list":["post-8382","dm-podcast","type-dm-podcast","status-publish","hentry","dm-programa-podcast-radio-valencia-hora-14-comunitat-valenciana-2298"],"acf":{"url":"https:\/\/sdmedia.playser.cadenaser.com\/mcv\/playser\/multimedia\/20240915\/4139639_104345_audio_128.mp3"},"_links":{"self":[{"href":"https:\/\/serbenidorm.daliisolutions.com\/index.php\/wp-json\/wp\/v2\/dm-podcast\/8382","targetHints":{"allow":["GET"]}}],"collection":[{"href":"https:\/\/serbenidorm.daliisolutions.com\/index.php\/wp-json\/wp\/v2\/dm-podcast"}],"about":[{"href":"https:\/\/serbenidorm.daliisolutions.com\/index.php\/wp-json\/wp\/v2\/types\/dm-podcast"}],"wp:attachment":[{"href":"https:\/\/serbenidorm.daliisolutions.com\/index.php\/wp-json\/wp\/v2\/media?parent=8382"}],"wp:term":[{"taxonomy":"dm-programa","embeddable":true,"href":"https:\/\/serbenidorm.daliisolutions.com\/index.php\/wp-json\/wp\/v2\/dm-programa?post=8382"}],"curies":[{"name":"wp","href":"https:\/\/api.w.org\/{rel}","templated":true}]}}

Chelo Álvarez, presidenta de Alanna, apuesta por la creación de un plan integral conjunto que ofrezca asesoramiento y protección a las mujeres que consiguen abandonar las redes que las explotan
