{"id":8393,"date":"2024-09-15T19:38:56","date_gmt":"2024-09-15T17:38:56","guid":{"rendered":"https:\/\/serbenidorm.daliisolutions.com\/index.php\/dm-podcast\/chelo-alvarez-presidenta-de-alanna-cree-que-la-clave-es-ofrecer-herramientas-de-sensibilizacion-y-co-educativas-sobre-el-problema-de-la-trata-de-mujeres-o-la-explotacion-sexual\/"},"modified":"2024-09-15T19:38:56","modified_gmt":"2024-09-15T17:38:56","slug":"chelo-alvarez-presidenta-de-alanna-cree-que-la-clave-es-ofrecer-herramientas-de-sensibilizacion-y-co-educativas-sobre-el-problema-de-la-trata-de-mujeres-o-la-explotacion-sexual","status":"publish","type":"dm-podcast","link":"https:\/\/serbenidorm.daliisolutions.com\/index.php\/dm-podcast\/chelo-alvarez-presidenta-de-alanna-cree-que-la-clave-es-ofrecer-herramientas-de-sensibilizacion-y-co-educativas-sobre-el-problema-de-la-trata-de-mujeres-o-la-explotacion-sexual\/","title":{"rendered":"Chelo \u00c1lvarez, presidenta de Alanna, cree que la clave es ofrecer herramientas de sensibilizaci\u00f3n y co-educativas sobre el problema de la trata de mujeres o la explotaci\u00f3n sexual"},"featured_media":0,"template":"","meta":{"_acf_changed":false},"dm-programa":[7],"class_list":["post-8393","dm-podcast","type-dm-podcast","status-publish","hentry","dm-programa-podcast-radio-valencia-hora-14-comunitat-valenciana-2298"],"acf":{"url":"https:\/\/sdmedia.playser.cadenaser.com\/mcv\/playser\/multimedia\/20240915\/4139640_104450_audio_128.mp3"},"_links":{"self":[{"href":"https:\/\/serbenidorm.daliisolutions.com\/index.php\/wp-json\/wp\/v2\/dm-podcast\/8393","targetHints":{"allow":["GET"]}}],"collection":[{"href":"https:\/\/serbenidorm.daliisolutions.com\/index.php\/wp-json\/wp\/v2\/dm-podcast"}],"about":[{"href":"https:\/\/serbenidorm.daliisolutions.com\/index.php\/wp-json\/wp\/v2\/types\/dm-podcast"}],"wp:attachment":[{"href":"https:\/\/serbenidorm.daliisolutions.com\/index.php\/wp-json\/wp\/v2\/media?parent=8393"}],"wp:term":[{"taxonomy":"dm-programa","embeddable":true,"href":"https:\/\/serbenidorm.daliisolutions.com\/index.php\/wp-json\/wp\/v2\/dm-programa?post=8393"}],"curies":[{"name":"wp","href":"https:\/\/api.w.org\/{rel}","templated":true}]}}

Chelo Álvarez, presidenta de Alanna, cree que la clave es ofrecer herramientas de sensibilización y co-educativas sobre el problema de la trata de mujeres o la explotación sexual
