{"id":8409,"date":"2024-09-16T14:31:56","date_gmt":"2024-09-16T12:31:56","guid":{"rendered":"https:\/\/serbenidorm.daliisolutions.com\/index.php\/dm-podcast\/la-doctora-silvia-llado-nos-habla-de-los-ultimos-tratamientos-esteticos-que-ofrece-the-beauty-doctors\/"},"modified":"2024-09-16T14:31:56","modified_gmt":"2024-09-16T12:31:56","slug":"la-doctora-silvia-llado-nos-habla-de-los-ultimos-tratamientos-esteticos-que-ofrece-the-beauty-doctors","status":"publish","type":"dm-podcast","link":"https:\/\/serbenidorm.daliisolutions.com\/index.php\/dm-podcast\/la-doctora-silvia-llado-nos-habla-de-los-ultimos-tratamientos-esteticos-que-ofrece-the-beauty-doctors\/","title":{"rendered":"La doctora Silvia Llad\u00f3 nos habla de los \u00faltimos tratamientos est\u00e9ticos que ofrece The Beauty Doctors"},"featured_media":0,"template":"","meta":{"_acf_changed":false},"dm-programa":[10],"class_list":["post-8409","dm-podcast","type-dm-podcast","status-publish","hentry","dm-programa-podcast-radio-benidorm-hoy-por-hoy-benidorm-2992"],"acf":{"url":"https:\/\/sdmedia.playser.cadenaser.com\/mcv\/playser\/multimedia\/20240916\/4140456_100457_audio_128.mp3"},"_links":{"self":[{"href":"https:\/\/serbenidorm.daliisolutions.com\/index.php\/wp-json\/wp\/v2\/dm-podcast\/8409","targetHints":{"allow":["GET"]}}],"collection":[{"href":"https:\/\/serbenidorm.daliisolutions.com\/index.php\/wp-json\/wp\/v2\/dm-podcast"}],"about":[{"href":"https:\/\/serbenidorm.daliisolutions.com\/index.php\/wp-json\/wp\/v2\/types\/dm-podcast"}],"wp:attachment":[{"href":"https:\/\/serbenidorm.daliisolutions.com\/index.php\/wp-json\/wp\/v2\/media?parent=8409"}],"wp:term":[{"taxonomy":"dm-programa","embeddable":true,"href":"https:\/\/serbenidorm.daliisolutions.com\/index.php\/wp-json\/wp\/v2\/dm-programa?post=8409"}],"curies":[{"name":"wp","href":"https:\/\/api.w.org\/{rel}","templated":true}]}}

La doctora Silvia Lladó nos habla de los últimos tratamientos estéticos que ofrece The Beauty Doctors
